{"id":6689,"date":"2021-09-29T17:36:38","date_gmt":"2021-09-29T22:36:38","guid":{"rendered":"https:\/\/virgiliogalvis.com\/?page_id=6689"},"modified":"2021-09-29T17:36:38","modified_gmt":"2021-09-29T22:36:38","slug":"umo-unidad-movil","status":"publish","type":"page","link":"https:\/\/virgiliogalvis.com\/en\/umo-unidad-movil\/","title":{"rendered":"Mobile Ophthalmology Unit"},"content":{"rendered":"<p>[vc_row iw_layout=&#8221;wide-bg&#8221;][vc_column width=&#8221;1\/2&#8243;][vc_images_carousel images=&#8221;6692,6691,6693,6690&#8243; img_size=&#8221;500&#215;300&#8243; speed=&#8221;2000&#8243; autoplay=&#8221;yes&#8221; hide_pagination_control=&#8221;yes&#8221;][\/vc_column][vc_column width=&#8221;1\/2&#8243;][inwave_heading preview_style_1=&#8221;&#8221; title=&#8221;{UNIDAD M\u00d3VIL OFTALMOL\u00d3GICA &#8211; UMO}&#8221; align=&#8221;center&#8221; css=&#8221;.vc_custom_1632956173732{margin-top: 5px !important;margin-right: 5px !important;margin-bottom: 5px !important;margin-left: 5px !important;border-top-width: 5px !important;border-right-width: 5px !important;border-bottom-width: 5px !important;border-left-width: 5px !important;}&#8221;][vc_column_text css=&#8221;.vc_custom_1632955158652{margin-top: 5px !important;margin-right: 5px !important;margin-bottom: 5px !important;margin-left: 5px !important;border-top-width: 5px !important;border-right-width: 5px !important;border-bottom-width: 5px !important;border-left-width: 5px !important;}&#8221;]La Unidad M\u00f3vil Oftalmol\u00f3gica prende motores en Santander un Proyecto querido por todos los santandereanos, llamado \u201cAyudemos a que otros vean\u201d cuenta con el apoyo de Laboratorios Topcon, Laboratorios Oftalmol\u00f3gicos y FOSCAL y que empezara a rodar por los caminos de todo el gran Santander\u00a0 para la poblaci\u00f3n m\u00e1s vulnerable con tarifas especiales y para todos aquellos con limitaciones para acceder a servicios de salud.<\/p>\n<p>Un proyecto que naci\u00f3 en 1987 pero por diferentes situaciones se apag\u00f3 moment\u00e1neamente hoy brilla como una luz de esperanza para miles de santandereanos y extranjeros.<\/p>\n<p>No es solo una unidad sino dos que estar\u00e1n rodando por Santander y tambi\u00e9n por el \u00e1rea metropolitana de Bucaramanga.<\/p>\n<p>La unidad m\u00f3vil cuenta con servicio de optometr\u00eda, asesor\u00eda en monturas y lentes oftalmicos a c\u00f3modos precios y remisi\u00f3n para el Centro Oftalmol\u00f3gico Virgilio Galvis de Floridablanca.[\/vc_column_text][\/vc_column][\/vc_row][vc_row equal_height=&#8221;yes&#8221; iw_layout=&#8221;wide-bg&#8221; css=&#8221;.vc_custom_1562899126971{margin-top: 30px !important;}&#8221;][vc_column][inwave_accordions layout=&#8221;accordion2&#8243; preview_style2=&#8221;&#8221; item_active=&#8221;-1&#8243;][inwave_accordion_item title=&#8221;PASO 1 &#8211; PROGRAMACI\u00d3N DE LA CITA&#8221;]<\/p>\n<p class=\"p1\"><span class=\"s1\">Para programar su cita comun\u00edquese con su empresa la cual realizar\u00e1 la gestion con el area de convenios al correo:<br \/>\n<\/span><\/p>\n<p><strong>convenios@virgiliogalvis.com<\/strong><\/p>\n<p class=\"p1\"><span class=\"s1\"><strong>Poblacion:<\/strong> Aplica para convenios especiales y empresariales a tarifas especiales.<br \/>\n<\/span><\/p>\n<p class=\"p1\"><span class=\"s1\"><b>NOTA:<\/b> <\/span><span class=\"s1\">Por favor siga las instrucciones estas le ser\u00e1n informadas en el momento de la asignaci\u00f3n de la cita. <\/span><\/p>\n<p class=\"p1\"><span class=\"s1\">En caso de cancelaci\u00f3n por favor inf\u00f3rmenos con 24 horas de anticipaci\u00f3n, recuerde que inform\u00e1ndonos a tiempo le damos la oportunidad a otra persona que sea atendida.<\/span><\/p>\n<p>[\/inwave_accordion_item][inwave_accordion_item title=&#8221;PASO 2 &#8211; LLEGADA DEL PACIENTE&#8221;]<\/p>\n<p class=\"p1\"><span class=\"s1\">A su llegada a la Unidad M\u00f3vil Oftalmol\u00f3gica, dir\u00edjase a la recepci\u00f3n donde debe anunciarse, con m\u00ednimo 10 minutos de anticipaci\u00f3n para realizar los tr\u00e1mites administrativos antes de la hora de la cita.<\/span><\/p>\n<p>[\/inwave_accordion_item][inwave_accordion_item title=&#8221;PASO 3 &#8211; ADMISI\u00d3N&#8221;]<\/p>\n<p class=\"p1\"><span class=\"s1\">El profesional de admisiones recepcionara los datos personales del paciente que se consignan en una base de datos (Historia Cl\u00ednica) y le indicara los pasos a seguir durante su estancia en la Unidad M\u00f3vil Oftalmol\u00f3gica.<br \/>\n<\/span><\/p>\n<p class=\"p1\"><span class=\"s1\">De ser necesario presente su autorizacion, documento de identidad y cuota moderadora (si aplica) y actualice sus datos de contacto. <\/span><\/p>\n<p class=\"p1\"><span class=\"s1\">Le ser\u00e1 entregada una encuesta para que eval\u00fae nuestros servicios al final de la atenci\u00f3n. Por favor depos\u00edtela a la salida en el buz\u00f3n de la sala de espera de la Unidad M\u00f3vil Oftalmol\u00f3gica.<br \/>\n<\/span><\/p>\n<p>[\/inwave_accordion_item][inwave_accordion_item title=&#8221;PASO 4 &#8211; SALA DE ESPERA&#8221;]<\/p>\n<p class=\"p1\"><span class=\"s1\">Deber\u00e1 esperar de 15 minutos para ser atendido, si viene con un acompa\u00f1ante le recomendamos esperar afuera de la unidad con excepcios de adultos mayores 70 a\u00f1os, ni\u00f1os menores de 10 a\u00f1os y personas con discapacidad.<br \/>\n<\/span><\/p>\n<p class=\"p1\"><span class=\"s1\">Deber\u00e1 esperar en la sala el llamado del profesional que realizar\u00e1 la atenci\u00f3n del examen o consulta.<\/span><\/p>\n<p>[\/inwave_accordion_item][inwave_accordion_item title=&#8221;PASO 5 &#8211; ATENCI\u00d3N EN LA UNIDAD M\u00d3VIL&#8221;]<\/p>\n<p class=\"p1\"><span class=\"s1\">Cuando ingrese al consultorio recuerde llevar tapabocas, all\u00ed podr\u00e1 hacer las preguntas relacionadas con su atenci\u00f3n al profesional de la salud. Es importante que siga las instrucciones para el buen desarrollo del examen o valoraci\u00f3n en consulta. Si siente alguna molestia, por favor ind\u00edquelo de inmediato.<\/span><\/p>\n<p>[\/inwave_accordion_item][inwave_accordion_item title=&#8221;PASO 6 &#8211; INDICACIONES ESPECIALES&#8221;]Al finalizar la consulta, el profesional de la salud, le dar\u00e1 indicaciones especiales de cuidado, examenes posteriores de necesitarlo y orden medica de igual forma la fecha de entrega de los resultados, si se practic\u00f3 ex\u00e1menes diagn\u00f3sticos.<\/p>\n<p>Tambien encontrara nuestro asesor comercial de Vioptica quien lo acompa\u00f1ara en su elecci\u00f3n de monturas y lentes de necesitarlo.<\/p>\n<p>Algunos resultados pueden tardar hasta cuatro (4) d\u00edas. Otros, se procesan de inmediato y se entregan 20 minutos despu\u00e9s de realizada la prueba.\u00a0 Para reclamar los resultados debe presentar su documento de identidad o autorizaci\u00f3n a terceros si no es el paciente quien los reclama.<\/p>\n<p class=\"p1\"><span class=\"s1\">\u00a0<\/span><\/p>\n<p>[\/inwave_accordion_item][\/inwave_accordions][\/vc_column][\/vc_row][vc_row iw_layout=&#8221;wide-bg&#8221;][vc_column width=&#8221;1\/2&#8243;][vc_btn title=&#8221;PROTOCOLO DE BIOSEGURIDAD&#8221; shape=&#8221;round&#8221; align=&#8221;center&#8221; link=&#8221;url:https%3A%2F%2Fvirgiliogalvis.com%2Fwp-content%2Fuploads%2F2020%2F05%2F3.-Pdf-para-envio-whatsapp-pacientes-vertical-lectura.pdf|title:Folleto%20de%20Recomendaciones%20de%20bioseguridad||&#8221;][\/vc_column][vc_column width=&#8221;1\/2&#8243;][vc_btn title=&#8221;AGENDE SU CITA&#8221; shape=&#8221;round&#8221; align=&#8221;center&#8221; link=&#8221;url:https%3A%2F%2Fapi.whatsapp.com%2Fsend%3Fphone%3D573008409433|title:Agende%20su%20Cita||&#8221;][\/vc_column][\/vc_row]<\/p>\n","protected":false},"excerpt":{"rendered":"<p>[vc_row iw_layout=&#8221;wide-bg&#8221;][vc_column width=&#8221;1\/2&#8243;][vc_images_carousel images=&#8221;6692,6691,6693,6690&#8243; img_size=&#8221;500&#215;300&#8243; speed=&#8221;2000&#8243; autoplay=&#8221;yes&#8221; hide_pagination_control=&#8221;yes&#8221;][\/vc_column][vc_column width=&#8221;1\/2&#8243;][inwave_heading preview_style_1=&#8221;&#8221; title=&#8221;{UNIDAD M\u00d3VIL OFTALMOL\u00d3GICA &#8211; UMO}&#8221; align=&#8221;center&#8221; css=&#8221;.vc_custom_1632956173732{margin-top: 5px !important;margin-right: 5px !important;margin-bottom: 5px !important;margin-left: 5px !important;border-top-width: 5px !important;border-right-width: 5px !important;border-bottom-width: 5px !important;border-left-width: 5px !important;}&#8221;][vc_column_text css=&#8221;.vc_custom_1632955158652{margin-top: 5px !important;margin-right: 5px !important;margin-bottom: 5px !important;margin-left: 5px !important;border-top-width: 5px !important;border-right-width: 5px !important;border-bottom-width: 5px !important;border-left-width: 5px !important;}&#8221;]La Unidad M\u00f3vil Oftalmol\u00f3gica prende motores&#8230;<\/p>\n","protected":false},"author":2,"featured_media":0,"parent":0,"menu_order":0,"comment_status":"closed","ping_status":"closed","template":"page-templates\/full-width-page.php","meta":{"_acf_changed":false,"inline_featured_image":false,"footnotes":""},"class_list":["post-6689","page","type-page","status-publish","hentry"],"acf":[],"_links":{"self":[{"href":"https:\/\/virgiliogalvis.com\/en\/wp-json\/wp\/v2\/pages\/6689","targetHints":{"allow":["GET"]}}],"collection":[{"href":"https:\/\/virgiliogalvis.com\/en\/wp-json\/wp\/v2\/pages"}],"about":[{"href":"https:\/\/virgiliogalvis.com\/en\/wp-json\/wp\/v2\/types\/page"}],"author":[{"embeddable":true,"href":"https:\/\/virgiliogalvis.com\/en\/wp-json\/wp\/v2\/users\/2"}],"replies":[{"embeddable":true,"href":"https:\/\/virgiliogalvis.com\/en\/wp-json\/wp\/v2\/comments?post=6689"}],"version-history":[{"count":0,"href":"https:\/\/virgiliogalvis.com\/en\/wp-json\/wp\/v2\/pages\/6689\/revisions"}],"wp:attachment":[{"href":"https:\/\/virgiliogalvis.com\/en\/wp-json\/wp\/v2\/media?parent=6689"}],"curies":[{"name":"wp","href":"https:\/\/api.w.org\/{rel}","templated":true}]}}

<p>[vc_row iw_layout=&#8221;wide-bg&#8221;][vc_column width=&#8221;1/2&#8243;][vc_images_carousel images=&#8221;6692,6691,6693,6690&#8243; img_size=&#8221;500&#215;300&#8243; speed=&#8221;2000&#8243; autoplay=&#8221;yes&#8221; hide_pagination_control=&#8221;yes&#8221;][/vc_column][vc_column width=&#8221;1/2&#8243;][inwave_heading preview_style_1=&#8221;&#8221; title=&#8221;{UNIDAD MÓVIL OFTALMOLÓGICA &#8211; UMO}&#8221; align=&#8221;center&#8221; css=&#8221;.vc_custom_1632956173732{margin-top: 5px !important;margin-right: 5px !important;margin-bottom: 5px !important;margin-left: 5px !important;border-top-width: 5px !important;border-right-width: 5px !important;border-bottom-width: 5px !important;border-left-width: 5px !important;}&#8221;][vc_column_text css=&#8221;.vc_custom_1632955158652{margin-top: 5px !important;margin-right: 5px !important;margin-bottom: 5px !important;margin-left: 5px !important;border-top-width: 5px !important;border-right-width: 5px !important;border-bottom-width: 5px !important;border-left-width: 5px !important;}&#8221;]La Unidad Móvil Oftalmológica prende motores en Santander un Proyecto querido por todos los santandereanos, llamado “Ayudemos a que otros vean” cuenta con el apoyo de Laboratorios Topcon, Laboratorios Oftalmológicos y FOSCAL y que empezara a rodar por los caminos de todo el gran Santander  para la población más vulnerable con tarifas especiales y para todos aquellos con limitaciones para acceder a servicios de salud.</p>
<p>Un proyecto que nació en 1987 pero por diferentes situaciones se apagó momentáneamente hoy brilla como una luz de esperanza para miles de santandereanos y extranjeros.</p>
<p>No es solo una unidad sino dos que estarán rodando por Santander y también por el área metropolitana de Bucaramanga.</p>
<p>La unidad móvil cuenta con servicio de optometría, asesoría en monturas y lentes oftalmicos a cómodos precios y remisión para el Centro Oftalmológico Virgilio Galvis de Floridablanca.[/vc_column_text][/vc_column][/vc_row][vc_row equal_height=&#8221;yes&#8221; iw_layout=&#8221;wide-bg&#8221; css=&#8221;.vc_custom_1562899126971{margin-top: 30px !important;}&#8221;][vc_column][inwave_accordions layout=&#8221;accordion2&#8243; preview_style2=&#8221;&#8221; item_active=&#8221;-1&#8243;][inwave_accordion_item title=&#8221;PASO 1 &#8211; PROGRAMACIÓN DE LA CITA&#8221;]</p>
<p class="p1"><span class="s1">Para programar su cita comuníquese con su empresa la cual realizará la gestion con el area de convenios al correo:<br />
</span></p>
<p><strong>convenios@virgiliogalvis.com</strong></p>
<p class="p1"><span class="s1"><strong>Poblacion:</strong> Aplica para convenios especiales y empresariales a tarifas especiales.<br />
</span></p>
<p class="p1"><span class="s1"><b>NOTA:</b> </span><span class="s1">Por favor siga las instrucciones estas le serán informadas en el momento de la asignación de la cita. </span></p>
<p class="p1"><span class="s1">En caso de cancelación por favor infórmenos con 24 horas de anticipación, recuerde que informándonos a tiempo le damos la oportunidad a otra persona que sea atendida.</span></p>
<p>[/inwave_accordion_item][inwave_accordion_item title=&#8221;PASO 2 &#8211; LLEGADA DEL PACIENTE&#8221;]</p>
<p class="p1"><span class="s1">A su llegada a la Unidad Móvil Oftalmológica, diríjase a la recepción donde debe anunciarse, con mínimo 10 minutos de anticipación para realizar los trámites administrativos antes de la hora de la cita.</span></p>
<p>[/inwave_accordion_item][inwave_accordion_item title=&#8221;PASO 3 &#8211; ADMISIÓN&#8221;]</p>
<p class="p1"><span class="s1">El profesional de admisiones recepcionara los datos personales del paciente que se consignan en una base de datos (Historia Clínica) y le indicara los pasos a seguir durante su estancia en la Unidad Móvil Oftalmológica.<br />
</span></p>
<p class="p1"><span class="s1">De ser necesario presente su autorizacion, documento de identidad y cuota moderadora (si aplica) y actualice sus datos de contacto. </span></p>
<p class="p1"><span class="s1">Le será entregada una encuesta para que evalúe nuestros servicios al final de la atención. Por favor deposítela a la salida en el buzón de la sala de espera de la Unidad Móvil Oftalmológica.<br />
</span></p>
<p>[/inwave_accordion_item][inwave_accordion_item title=&#8221;PASO 4 &#8211; SALA DE ESPERA&#8221;]</p>
<p class="p1"><span class="s1">Deberá esperar de 15 minutos para ser atendido, si viene con un acompañante le recomendamos esperar afuera de la unidad con excepcios de adultos mayores 70 años, niños menores de 10 años y personas con discapacidad.<br />
</span></p>
<p class="p1"><span class="s1">Deberá esperar en la sala el llamado del profesional que realizará la atención del examen o consulta.</span></p>
<p>[/inwave_accordion_item][inwave_accordion_item title=&#8221;PASO 5 &#8211; ATENCIÓN EN LA UNIDAD MÓVIL&#8221;]</p>
<p class="p1"><span class="s1">Cuando ingrese al consultorio recuerde llevar tapabocas, allí podrá hacer las preguntas relacionadas con su atención al profesional de la salud. Es importante que siga las instrucciones para el buen desarrollo del examen o valoración en consulta. Si siente alguna molestia, por favor indíquelo de inmediato.</span></p>
<p>[/inwave_accordion_item][inwave_accordion_item title=&#8221;PASO 6 &#8211; INDICACIONES ESPECIALES&#8221;]Al finalizar la consulta, el profesional de la salud, le dará indicaciones especiales de cuidado, examenes posteriores de necesitarlo y orden medica de igual forma la fecha de entrega de los resultados, si se practicó exámenes diagnósticos.</p>
<p>Tambien encontrara nuestro asesor comercial de Vioptica quien lo acompañara en su elección de monturas y lentes de necesitarlo.</p>
<p>Algunos resultados pueden tardar hasta cuatro (4) días. Otros, se procesan de inmediato y se entregan 20 minutos después de realizada la prueba.  Para reclamar los resultados debe presentar su documento de identidad o autorización a terceros si no es el paciente quien los reclama.</p>
<p class="p1"><span class="s1"> </span></p>
<p>[/inwave_accordion_item][/inwave_accordions][/vc_column][/vc_row][vc_row iw_layout=&#8221;wide-bg&#8221;][vc_column width=&#8221;1/2&#8243;][vc_btn title=&#8221;PROTOCOLO DE BIOSEGURIDAD&#8221; shape=&#8221;round&#8221; align=&#8221;center&#8221; link=&#8221;url:https%3A%2F%2Fvirgiliogalvis.com%2Fwp-content%2Fuploads%2F2020%2F05%2F3.-Pdf-para-envio-whatsapp-pacientes-vertical-lectura.pdf|title:Folleto%20de%20Recomendaciones%20de%20bioseguridad||&#8221;][/vc_column][vc_column width=&#8221;1/2&#8243;][vc_btn title=&#8221;AGENDE SU CITA&#8221; shape=&#8221;round&#8221; align=&#8221;center&#8221; link=&#8221;url:https%3A%2F%2Fapi.whatsapp.com%2Fsend%3Fphone%3D573008409433|title:Agende%20su%20Cita||&#8221;][/vc_column][/vc_row]</p>

<p>[vc_row iw_layout=&#8221;wide-bg&#8221;][vc_column width=&#8221;1/2&#8243;][vc_images_carousel images=&#8221;6692,6691,6693,6690&#8243; img_size=&#8221;500&#215;300&#8243; speed=&#8221;2000&#8243; autoplay=&#8221;yes&#8221; hide_pagination_control=&#8221;yes&#8221;][/vc_column][vc_column width=&#8221;1/2&#8243;][inwave_heading preview_style_1=&#8221;&#8221; title=&#8221;{UNIDAD MÓVIL OFTALMOLÓGICA &#8211; UMO}&#8221; align=&#8221;center&#8221; css=&#8221;.vc_custom_1632956173732{margin-top: 5px !important;margin-right: 5px !important;margin-bottom: 5px !important;margin-left: 5px !important;border-top-width: 5px !important;border-right-width: 5px !important;border-bottom-width: 5px !important;border-left-width: 5px !important;}&#8221;][vc_column_text css=&#8221;.vc_custom_1632955158652{margin-top: 5px !important;margin-right: 5px !important;margin-bottom: 5px !important;margin-left: 5px !important;border-top-width: 5px !important;border-right-width: 5px !important;border-bottom-width: 5px !important;border-left-width: 5px !important;}&#8221;]La Unidad Móvil Oftalmológica prende motores&#8230;</p>
