{"id":6079,"date":"2021-03-15T10:12:05","date_gmt":"2021-03-15T15:12:05","guid":{"rendered":"https:\/\/virgiliogalvis.com\/?page_id=6079"},"modified":"2021-03-15T10:12:05","modified_gmt":"2021-03-15T15:12:05","slug":"felix-leiva-fajardo","status":"publish","type":"page","link":"https:\/\/virgiliogalvis.com\/en\/optometras\/felix-leiva-fajardo\/","title":{"rendered":"Felix Leiva Fajardo"},"content":{"rendered":"<p>[vc_row iw_layout=&#8221;wide-bg&#8221;][vc_column][vc_row_inner equal_height=&#8221;yes&#8221; content_placement=&#8221;middle&#8221;][vc_column_inner width=&#8221;1\/2&#8243;][inwave_heading preview_style_1=&#8221;&#8221; title=&#8221;{Felix Leiva Fajardo}&#8221;][vc_column_text el_class=&#8221;dg-p-doc&#8221;]<span style=\"color: #00375f;\">Opt\u00f3metra<\/span><\/p>\n<p><span style=\"color: #00375f;\">Especialista en Segmento Anterior y Lentes de Contacto <\/span><\/p>\n<p><span style=\"color: #00375f;\">Universidad de la Salle 1999 &#8211; <\/span><span style=\"color: #00375f;\">Investigador Deficiencias Visuales Crom\u00e1ticas<\/span>[\/vc_column_text][\/vc_column_inner][vc_column_inner width=&#8221;1\/2&#8243;][vc_single_image image=&#8221;4346&#8243; img_size=&#8221;large&#8221;][\/vc_column_inner][\/vc_row_inner][inwave_tabs layout=&#8221;layout3&#8243; preview_style3=&#8221;&#8221;][inwave_tab_container title=&#8221;ESTUDIOS&#8221; icon=&#8221;fa fa-user&#8221;][vc_column_text]Opt\u00f3metra de la Universidad de la Salle 1999, Bogot\u00e1 &#8211; Colombia<\/p>\n<p>Especialista en Segmento Anterior y Lentes de Contacto, 2009 Universidad Santo Tom\u00e1s de Floridablanca, Santander \u2013 Colombia.<\/p>\n<p>Diplomado en Ojo Seco, FEDOPTO Virtual, Laboratorio Ophtha 2009.<\/p>\n<p>Manejo de la Miop\u00eda. Markenovy, Certificado MYLO. 6 de junio de 2020.<\/p>\n<p>XIV Curso de Oftalmolog\u00eda Foscal. Conferencista. 20 &#8211; 31 de enero del 2020.<\/p>\n<p>Farmacolog\u00eda Ocular: lo que debe saber el opt\u00f3metra. Universidad CES, Medell\u00edn 14 mayo del 2020.<\/p>\n<p>Primer curso de actualizaci\u00f3n en Optometr\u00eda. Universidad Santo Tom\u00e1s, Floridablanca, Bucaramanga &#8211; Colombia. 24 de agosto del 2018.<\/p>\n<p>PEC Optometr\u00eda Pedi\u00e1trica y Terapia Visual. Floridablanca, Santander \u2013 Colombia. 1Septiembre del 2018.<\/p>\n<p>1er Congreso Optom\u00e9trico de las Am\u00e9ricas. 31 de mayo &#8211; 2 de junio del 2019.[\/vc_column_text][\/inwave_tab_container][inwave_tab_container title=&#8221;CURSOS Y CONGRESOS&#8221; icon=&#8221;fa fa-user&#8221;][vc_column_text]XIX Simposio De Optometria. Bogot\u00e1, 1993<\/p>\n<p>IV Curso De Actualizaci\u00f3n En Optometria &#8211; Avances Cl\u00ednicos en Salud Visual. Bucaramanga, 1995.<\/p>\n<p>IX Seminario De Ciencias De La Visi\u00f3n. Bogot\u00e1, 1997<\/p>\n<p>II Seminario De Optometria Pediatrica. Bogot\u00e1, 1998<\/p>\n<p>II Sal\u00f3n Internacional De La \u00d3ptica. Bogot\u00e1, 2000<\/p>\n<p>XXI Congreso Nacional &#8211; Ix Congreso Internacional de\u00a0 Optometria. III Sal\u00f3n Internacional de La \u00d3ptica. Bogot\u00e1, Julio 18, 19 y 20,\u00a0 2002<\/p>\n<p>Identificaci\u00f3n de Iniciativa Empresarial &#8211; SENA Bucaramanga, Junio y Julio 2004<\/p>\n<p>IV Seminario Nacional de Estudiantes , II Docentes de<\/p>\n<p>Optometria. Bucaramanga, Marzo 10, 11 y 12, 2005<\/p>\n<p>Seminario De Ectasias Corneales. Bogot\u00e1, 13 de Junio De 2007.<\/p>\n<p>Primer Simposio Internacional De Keratectasias<\/p>\n<p>II Encuentro De Semilleros De Investigaci\u00f3n. Universidad Antonio\u00a0Nari\u00f1o, Bogot\u00e1, Mayo Del 2008.<\/p>\n<p>Actualizaci\u00f3n En Lente De Contacto. The Vision Care Institute Of Johnson &amp; Johnson. Universidad De La Salle, Bogot\u00e1, Enero 26 Del 2010.<\/p>\n<p>1er Congreso De Salud P\u00fablica Y 3er Congreso Internacional de Optometria. Bucaramanga, 26,27 Y 28 De Mayo Del 2011.<\/p>\n<p>VII Congreso Internacional De Oftalmolog\u00eda Cl\u00ednica Foscal \u2013 Centro Oftalmol\u00f3gico Dr. Vgr. Conferencista (Actualizaci\u00f3n<\/p>\n<p>Biometr\u00eda Ocular) Floridablanca, Santander. Enero 2012<\/p>\n<p>VII Congreso Internacional De Oftalmologia Cl\u00ednica Foscal \u2013 Centro Oftalmol\u00f3gico Dr. Vgr. Conferencista (Actualizaci\u00f3n Biometr\u00eda Ocular) Floridablanca, Santander. Enero 2013<\/p>\n<p>Curso De Buenas Practicas Cl\u00ednica Foscal. Floridablanca, Santander. Octubre Del 2013<\/p>\n<p>VIII Congreso Internacional De Oftalmolog\u00eda Cl\u00ednica Foscal \u2013 Centro Oftalmol\u00f3gico Dr Vgr. Conferencista 2014 (Actualizaci\u00f3n Biometr\u00eda Ocular) Floridablanca, Santander. Enero 2014<\/p>\n<p>IX Congreso Internacional de Oftalmolog\u00eda Cl\u00ednica Foscal \u2013 Centro Oftalmol\u00f3gico Dr Vgr. Conferencista 2015 (Actualizaci\u00f3n Biometr\u00eda Ocular) Floridablanca, Santander. Enero 2015<\/p>\n<p>X Congreso Internacional de Oftalmolog\u00eda Cl\u00ednica Foscal \u2013 Centro Oftalmol\u00f3gico D Vgr. Conferencista (Actualizaci\u00f3n Biometr\u00eda Ocular) Floridablanca, Santander. Enero 2016<\/p>\n<p>1er Simposio En Prevenci\u00f3n de la Miop\u00eda UNAB \u2013 Cl\u00ednica Foscal \u2013 Centro Oftalmol\u00f3gico Diciembre 15 \u2013 16 Del 2016. Floridablanca, Santander<\/p>\n<p>XI Congreso Internacional De Oftalmolog\u00eda Cl\u00ednica Foscal \u2013 Centro Oftalmol\u00f3gico D Vgr. Conferencista (Actualizaci\u00f3n Biometr\u00eda Ocular) Floridablanca, Santander. Enero 2017<\/p>\n<p>Taller Manejo de Aberraciones con la Universidad Santo Tomas, 27 Julio Del 2107. Floridablanca, Santander<\/p>\n<p>Seminario De Actualizaci\u00f3n En Optometr\u00eda Especializada\u00a0 Universidad Santo Tom\u00e1s, 15 Julio Del 2017. Floridablanca, Santander<\/p>\n<p>Proyecto Sobre Dvc (Deficiencia Visual Al Color) FOSCAL Internacional \u2013 Centro Oftalmol\u00f3gico\u00a0 Noviembre 2018 \u2013 Junio 2020. Floridablanca, Santander<\/p>\n<p>Actualizaci\u00f3n En Oftalmolog\u00eda, Ascofame Laboratorios Tecnoqu\u00edmicas, 31 Mayo De 2018. Bogot\u00e1, Colombia<\/p>\n<p>XII Congreso Internacional de Oftalmolog\u00eda Cl\u00ednica Foscal Internacional \u2013 Centro Oftalmol\u00f3gico &#8211; Docente (Actualizaci\u00f3n Biometr\u00eda Ocular Y Recuento Endotelial) Floridablanca, Santander. 15-26 Enero 2018<\/p>\n<p>Curso De Actualizaci\u00f3n En Optometr\u00eda \u00a0Universidad Santo Tom\u00e1s, Agosto 24 Del 2018. Floridablanca, Santander<\/p>\n<p>Pec Optometr\u00eda Pedi\u00e1trica y Terapia Visual \u00a01 Septiembre Del 2018. Hotel Ruitoque Condominio. Floridablanca, Santander<\/p>\n<p>Simposio Sobre Tomograf\u00eda Ocular Posterior &#8211; Angiograf\u00eda Ocular Octubre 20 De 2018, Foscal Internacional. Floridablanca, Santander, Colombia.<\/p>\n<p>XIII Congreso Internacional De Oftalmolog\u00eda Cl\u00ednica Foscal Internacional \u2013 Centro Oftalmol\u00f3gico Docente (Actualizaci\u00f3n Biometr\u00eda Ocular Y Recuento Endotelial) Floridablanca, Santander. 14-25 Enero 2019<\/p>\n<p>1er Congreso Optometrico De Las Americas Mayo 31-2 Junio Del 2019. Medell\u00edn \u2013 Colombia.<\/p>\n<p>Pec Correcci\u00f3n En Pediatr\u00eda, Administraci\u00f3n Y Mercadeo Fedopto Sec. Santander. Junio 15 Del 2109, Hotel San Juan De Gir\u00f3n Bucaramanga, Santander<\/p>\n<p>\u201cCurso\u201d Actualizaci\u00f3n En Contactolog\u00eda AplicadaContacs Lens Academy \u2013 Bausch And Lomb Virtual Julio \u2013 Octubre 2019<\/p>\n<p>1er Curso De Fondo De Ojo En La Enfermedad Sist\u00e9mica. \u201cEstado Del Arte\u201d. Octubre 7 Al 9 Del 2019 Cl\u00ednica Foscal, Floridablanca, Santander[\/vc_column_text][\/inwave_tab_container][inwave_tab_container title=&#8221;RECONOCIMIENTOS &#8211; PUBLICACIONES&#8221; icon=&#8221;fa fa-user&#8221;][vc_column_text]- Trasplante de queratocono y Bowman C\u00f3rnea 2017, Mar36 (3) ce8.doi; 10.1097 \/ ICO, 0000000000001142<\/p>\n<p>Galvis V, Tello A, Carre\u00f1o NI, Berrospi RD, Ni\u00f1o CA, Leiva F.[\/vc_column_text][\/inwave_tab_container][\/inwave_tabs][\/vc_column][\/vc_row]<\/p>\n","protected":false},"excerpt":{"rendered":"<p>[vc_row iw_layout=&#8221;wide-bg&#8221;][vc_column][vc_row_inner equal_height=&#8221;yes&#8221; content_placement=&#8221;middle&#8221;][vc_column_inner width=&#8221;1\/2&#8243;][inwave_heading preview_style_1=&#8221;&#8221; title=&#8221;{Felix Leiva Fajardo}&#8221;][vc_column_text el_class=&#8221;dg-p-doc&#8221;]Opt\u00f3metra Especialista en Segmento Anterior y Lentes de Contacto Universidad de la Salle 1999 &#8211; Investigador Deficiencias Visuales Crom\u00e1ticas[\/vc_column_text][\/vc_column_inner][vc_column_inner width=&#8221;1\/2&#8243;][vc_single_image image=&#8221;4346&#8243; img_size=&#8221;large&#8221;][\/vc_column_inner][\/vc_row_inner][inwave_tabs layout=&#8221;layout3&#8243; preview_style3=&#8221;&#8221;][inwave_tab_container title=&#8221;ESTUDIOS&#8221; icon=&#8221;fa fa-user&#8221;][vc_column_text]Opt\u00f3metra de la Universidad de la Salle 1999, Bogot\u00e1 &#8211; Colombia Especialista en Segmento Anterior y Lentes de Contacto, 2009&#8230;<\/p>\n","protected":false},"author":2,"featured_media":0,"parent":2768,"menu_order":0,"comment_status":"closed","ping_status":"closed","template":"page-templates\/full-width-page.php","meta":{"_acf_changed":false,"inline_featured_image":false,"footnotes":""},"class_list":["post-6079","page","type-page","status-publish","hentry"],"acf":[],"_links":{"self":[{"href":"https:\/\/virgiliogalvis.com\/en\/wp-json\/wp\/v2\/pages\/6079","targetHints":{"allow":["GET"]}}],"collection":[{"href":"https:\/\/virgiliogalvis.com\/en\/wp-json\/wp\/v2\/pages"}],"about":[{"href":"https:\/\/virgiliogalvis.com\/en\/wp-json\/wp\/v2\/types\/page"}],"author":[{"embeddable":true,"href":"https:\/\/virgiliogalvis.com\/en\/wp-json\/wp\/v2\/users\/2"}],"replies":[{"embeddable":true,"href":"https:\/\/virgiliogalvis.com\/en\/wp-json\/wp\/v2\/comments?post=6079"}],"version-history":[{"count":0,"href":"https:\/\/virgiliogalvis.com\/en\/wp-json\/wp\/v2\/pages\/6079\/revisions"}],"up":[{"embeddable":true,"href":"https:\/\/virgiliogalvis.com\/en\/wp-json\/wp\/v2\/pages\/2768"}],"wp:attachment":[{"href":"https:\/\/virgiliogalvis.com\/en\/wp-json\/wp\/v2\/media?parent=6079"}],"curies":[{"name":"wp","href":"https:\/\/api.w.org\/{rel}","templated":true}]}}

<p>[vc_row iw_layout=&#8221;wide-bg&#8221;][vc_column][vc_row_inner equal_height=&#8221;yes&#8221; content_placement=&#8221;middle&#8221;][vc_column_inner width=&#8221;1/2&#8243;][inwave_heading preview_style_1=&#8221;&#8221; title=&#8221;{Felix Leiva Fajardo}&#8221;][vc_column_text el_class=&#8221;dg-p-doc&#8221;]<span style="color: #00375f;">Optómetra</span></p>
<p><span style="color: #00375f;">Especialista en Segmento Anterior y Lentes de Contacto </span></p>
<p><span style="color: #00375f;">Universidad de la Salle 1999 &#8211; </span><span style="color: #00375f;">Investigador Deficiencias Visuales Cromáticas</span>[/vc_column_text][/vc_column_inner][vc_column_inner width=&#8221;1/2&#8243;][vc_single_image image=&#8221;4346&#8243; img_size=&#8221;large&#8221;][/vc_column_inner][/vc_row_inner][inwave_tabs layout=&#8221;layout3&#8243; preview_style3=&#8221;&#8221;][inwave_tab_container title=&#8221;ESTUDIOS&#8221; icon=&#8221;fa fa-user&#8221;][vc_column_text]Optómetra de la Universidad de la Salle 1999, Bogotá &#8211; Colombia</p>
<p>Especialista en Segmento Anterior y Lentes de Contacto, 2009 Universidad Santo Tomás de Floridablanca, Santander – Colombia.</p>
<p>Diplomado en Ojo Seco, FEDOPTO Virtual, Laboratorio Ophtha 2009.</p>
<p>Manejo de la Miopía. Markenovy, Certificado MYLO. 6 de junio de 2020.</p>
<p>XIV Curso de Oftalmología Foscal. Conferencista. 20 &#8211; 31 de enero del 2020.</p>
<p>Farmacología Ocular: lo que debe saber el optómetra. Universidad CES, Medellín 14 mayo del 2020.</p>
<p>Primer curso de actualización en Optometría. Universidad Santo Tomás, Floridablanca, Bucaramanga &#8211; Colombia. 24 de agosto del 2018.</p>
<p>PEC Optometría Pediátrica y Terapia Visual. Floridablanca, Santander – Colombia. 1Septiembre del 2018.</p>
<p>1er Congreso Optométrico de las Américas. 31 de mayo &#8211; 2 de junio del 2019.[/vc_column_text][/inwave_tab_container][inwave_tab_container title=&#8221;CURSOS Y CONGRESOS&#8221; icon=&#8221;fa fa-user&#8221;][vc_column_text]XIX Simposio De Optometria. Bogotá, 1993</p>
<p>IV Curso De Actualización En Optometria &#8211; Avances Clínicos en Salud Visual. Bucaramanga, 1995.</p>
<p>IX Seminario De Ciencias De La Visión. Bogotá, 1997</p>
<p>II Seminario De Optometria Pediatrica. Bogotá, 1998</p>
<p>II Salón Internacional De La Óptica. Bogotá, 2000</p>
<p>XXI Congreso Nacional &#8211; Ix Congreso Internacional de  Optometria. III Salón Internacional de La Óptica. Bogotá, Julio 18, 19 y 20,  2002</p>
<p>Identificación de Iniciativa Empresarial &#8211; SENA Bucaramanga, Junio y Julio 2004</p>
<p>IV Seminario Nacional de Estudiantes , II Docentes de</p>
<p>Optometria. Bucaramanga, Marzo 10, 11 y 12, 2005</p>
<p>Seminario De Ectasias Corneales. Bogotá, 13 de Junio De 2007.</p>
<p>Primer Simposio Internacional De Keratectasias</p>
<p>II Encuentro De Semilleros De Investigación. Universidad Antonio Nariño, Bogotá, Mayo Del 2008.</p>
<p>Actualización En Lente De Contacto. The Vision Care Institute Of Johnson &amp; Johnson. Universidad De La Salle, Bogotá, Enero 26 Del 2010.</p>
<p>1er Congreso De Salud Pública Y 3er Congreso Internacional de Optometria. Bucaramanga, 26,27 Y 28 De Mayo Del 2011.</p>
<p>VII Congreso Internacional De Oftalmología Clínica Foscal – Centro Oftalmológico Dr. Vgr. Conferencista (Actualización</p>
<p>Biometría Ocular) Floridablanca, Santander. Enero 2012</p>
<p>VII Congreso Internacional De Oftalmologia Clínica Foscal – Centro Oftalmológico Dr. Vgr. Conferencista (Actualización Biometría Ocular) Floridablanca, Santander. Enero 2013</p>
<p>Curso De Buenas Practicas Clínica Foscal. Floridablanca, Santander. Octubre Del 2013</p>
<p>VIII Congreso Internacional De Oftalmología Clínica Foscal – Centro Oftalmológico Dr Vgr. Conferencista 2014 (Actualización Biometría Ocular) Floridablanca, Santander. Enero 2014</p>
<p>IX Congreso Internacional de Oftalmología Clínica Foscal – Centro Oftalmológico Dr Vgr. Conferencista 2015 (Actualización Biometría Ocular) Floridablanca, Santander. Enero 2015</p>
<p>X Congreso Internacional de Oftalmología Clínica Foscal – Centro Oftalmológico D Vgr. Conferencista (Actualización Biometría Ocular) Floridablanca, Santander. Enero 2016</p>
<p>1er Simposio En Prevención de la Miopía UNAB – Clínica Foscal – Centro Oftalmológico Diciembre 15 – 16 Del 2016. Floridablanca, Santander</p>
<p>XI Congreso Internacional De Oftalmología Clínica Foscal – Centro Oftalmológico D Vgr. Conferencista (Actualización Biometría Ocular) Floridablanca, Santander. Enero 2017</p>
<p>Taller Manejo de Aberraciones con la Universidad Santo Tomas, 27 Julio Del 2107. Floridablanca, Santander</p>
<p>Seminario De Actualización En Optometría Especializada  Universidad Santo Tomás, 15 Julio Del 2017. Floridablanca, Santander</p>
<p>Proyecto Sobre Dvc (Deficiencia Visual Al Color) FOSCAL Internacional – Centro Oftalmológico  Noviembre 2018 – Junio 2020. Floridablanca, Santander</p>
<p>Actualización En Oftalmología, Ascofame Laboratorios Tecnoquímicas, 31 Mayo De 2018. Bogotá, Colombia</p>
<p>XII Congreso Internacional de Oftalmología Clínica Foscal Internacional – Centro Oftalmológico &#8211; Docente (Actualización Biometría Ocular Y Recuento Endotelial) Floridablanca, Santander. 15-26 Enero 2018</p>
<p>Curso De Actualización En Optometría  Universidad Santo Tomás, Agosto 24 Del 2018. Floridablanca, Santander</p>
<p>Pec Optometría Pediátrica y Terapia Visual  1 Septiembre Del 2018. Hotel Ruitoque Condominio. Floridablanca, Santander</p>
<p>Simposio Sobre Tomografía Ocular Posterior &#8211; Angiografía Ocular Octubre 20 De 2018, Foscal Internacional. Floridablanca, Santander, Colombia.</p>
<p>XIII Congreso Internacional De Oftalmología Clínica Foscal Internacional – Centro Oftalmológico Docente (Actualización Biometría Ocular Y Recuento Endotelial) Floridablanca, Santander. 14-25 Enero 2019</p>
<p>1er Congreso Optometrico De Las Americas Mayo 31-2 Junio Del 2019. Medellín – Colombia.</p>
<p>Pec Corrección En Pediatría, Administración Y Mercadeo Fedopto Sec. Santander. Junio 15 Del 2109, Hotel San Juan De Girón Bucaramanga, Santander</p>
<p>“Curso” Actualización En Contactología AplicadaContacs Lens Academy – Bausch And Lomb Virtual Julio – Octubre 2019</p>
<p>1er Curso De Fondo De Ojo En La Enfermedad Sistémica. “Estado Del Arte”. Octubre 7 Al 9 Del 2019 Clínica Foscal, Floridablanca, Santander[/vc_column_text][/inwave_tab_container][inwave_tab_container title=&#8221;RECONOCIMIENTOS &#8211; PUBLICACIONES&#8221; icon=&#8221;fa fa-user&#8221;][vc_column_text]- Trasplante de queratocono y Bowman Córnea 2017, Mar36 (3) ce8.doi; 10.1097 / ICO, 0000000000001142</p>
<p>Galvis V, Tello A, Carreño NI, Berrospi RD, Niño CA, Leiva F.[/vc_column_text][/inwave_tab_container][/inwave_tabs][/vc_column][/vc_row]</p>

<p>[vc_row iw_layout=&#8221;wide-bg&#8221;][vc_column][vc_row_inner equal_height=&#8221;yes&#8221; content_placement=&#8221;middle&#8221;][vc_column_inner width=&#8221;1/2&#8243;][inwave_heading preview_style_1=&#8221;&#8221; title=&#8221;{Felix Leiva Fajardo}&#8221;][vc_column_text el_class=&#8221;dg-p-doc&#8221;]Optómetra Especialista en Segmento Anterior y Lentes de Contacto Universidad de la Salle 1999 &#8211; Investigador Deficiencias Visuales Cromáticas[/vc_column_text][/vc_column_inner][vc_column_inner width=&#8221;1/2&#8243;][vc_single_image image=&#8221;4346&#8243; img_size=&#8221;large&#8221;][/vc_column_inner][/vc_row_inner][inwave_tabs layout=&#8221;layout3&#8243; preview_style3=&#8221;&#8221;][inwave_tab_container title=&#8221;ESTUDIOS&#8221; icon=&#8221;fa fa-user&#8221;][vc_column_text]Optómetra de la Universidad de la Salle 1999, Bogotá &#8211; Colombia Especialista en Segmento Anterior y Lentes de Contacto, 2009&#8230;</p>
