{"id":5050,"date":"2020-01-29T14:35:38","date_gmt":"2020-01-29T19:35:38","guid":{"rendered":"https:\/\/virgiliogalvis.com\/?page_id=5050"},"modified":"2020-01-29T14:35:38","modified_gmt":"2020-01-29T19:35:38","slug":"galeria-curso-internacional-oftalmologia-2020","status":"publish","type":"page","link":"https:\/\/virgiliogalvis.com\/en\/galeria\/galeria-curso-internacional-oftalmologia-2020\/","title":{"rendered":"Gallery \u2013 International Ophthalmology Course 2020"},"content":{"rendered":"<p>[vc_row iw_layout=&#8221;wide-bg&#8221;][vc_column width=&#8221;1\/6&#8243;][\/vc_column][vc_column width=&#8221;2\/3&#8243;][vc_empty_space][vc_gallery type=&#8221;flexslider_slide&#8221; interval=&#8221;5&#8243; images=&#8221;5051,5052,5053,5054&#8243; img_size=&#8221;large&#8221;][inwave_heading preview_style_1=&#8221;&#8221; title=&#8221;{Detalle del evento}&#8221;][vc_column_text]El evento contemplar\u00e1 60 horas te\u00f3ricas; talleres pr\u00e1cticos con equipos de diagn\u00f3stico; tratamientos de \u00faltima generaci\u00f3n y m\u00e1s de 3 horas de cirug\u00eda en vivo.<\/p>\n<p>Adem\u00e1s, los participantes contar\u00e1n con el acompa\u00f1amiento de conferencista internacionales invitados, entre ellos el Dr Federico V\u00e9lez, Dr Jes\u00fas Merayo y Dr Alvaro Pereira, conferencistas nacionales y profesores Foscal.<\/p>\n<p>En la agenda acad\u00e9mica del curso encontrar\u00e1n temas de C\u00f3rnea, superficie ocular, cirug\u00eda refractiva, catarata, glaucoma, estrabismo, oftalmopediatria, retina, neuro \u2013 oftalmolog\u00eda y oculoplastia. \u00a1Felicidades a todos los participantes![\/vc_column_text][\/vc_column][vc_column width=&#8221;1\/6&#8243;][\/vc_column][\/vc_row]<\/p>\n","protected":false},"excerpt":{"rendered":"<p>[vc_row iw_layout=&#8221;wide-bg&#8221;][vc_column width=&#8221;1\/6&#8243;][\/vc_column][vc_column width=&#8221;2\/3&#8243;][vc_empty_space][vc_gallery type=&#8221;flexslider_slide&#8221; interval=&#8221;5&#8243; images=&#8221;5051,5052,5053,5054&#8243; img_size=&#8221;large&#8221;][inwave_heading preview_style_1=&#8221;&#8221; title=&#8221;{Detalle del evento}&#8221;][vc_column_text]El evento contemplar\u00e1 60 horas te\u00f3ricas; talleres pr\u00e1cticos con equipos de diagn\u00f3stico; tratamientos de \u00faltima generaci\u00f3n y m\u00e1s de 3 horas de cirug\u00eda en vivo. Adem\u00e1s, los participantes contar\u00e1n con el acompa\u00f1amiento de conferencista internacionales invitados, entre ellos el Dr Federico V\u00e9lez, Dr Jes\u00fas&#8230;<\/p>\n","protected":false},"author":2,"featured_media":0,"parent":3248,"menu_order":0,"comment_status":"closed","ping_status":"closed","template":"page-templates\/home-page.php","meta":{"_acf_changed":false,"inline_featured_image":false,"footnotes":""},"class_list":["post-5050","page","type-page","status-publish","hentry"],"acf":[],"_links":{"self":[{"href":"https:\/\/virgiliogalvis.com\/en\/wp-json\/wp\/v2\/pages\/5050","targetHints":{"allow":["GET"]}}],"collection":[{"href":"https:\/\/virgiliogalvis.com\/en\/wp-json\/wp\/v2\/pages"}],"about":[{"href":"https:\/\/virgiliogalvis.com\/en\/wp-json\/wp\/v2\/types\/page"}],"author":[{"embeddable":true,"href":"https:\/\/virgiliogalvis.com\/en\/wp-json\/wp\/v2\/users\/2"}],"replies":[{"embeddable":true,"href":"https:\/\/virgiliogalvis.com\/en\/wp-json\/wp\/v2\/comments?post=5050"}],"version-history":[{"count":0,"href":"https:\/\/virgiliogalvis.com\/en\/wp-json\/wp\/v2\/pages\/5050\/revisions"}],"up":[{"embeddable":true,"href":"https:\/\/virgiliogalvis.com\/en\/wp-json\/wp\/v2\/pages\/3248"}],"wp:attachment":[{"href":"https:\/\/virgiliogalvis.com\/en\/wp-json\/wp\/v2\/media?parent=5050"}],"curies":[{"name":"wp","href":"https:\/\/api.w.org\/{rel}","templated":true}]}}

<p>[vc_row iw_layout=&#8221;wide-bg&#8221;][vc_column width=&#8221;1/6&#8243;][/vc_column][vc_column width=&#8221;2/3&#8243;][vc_empty_space][vc_gallery type=&#8221;flexslider_slide&#8221; interval=&#8221;5&#8243; images=&#8221;5051,5052,5053,5054&#8243; img_size=&#8221;large&#8221;][inwave_heading preview_style_1=&#8221;&#8221; title=&#8221;{Detalle del evento}&#8221;][vc_column_text]El evento contemplará 60 horas teóricas; talleres prácticos con equipos de diagnóstico; tratamientos de última generación y más de 3 horas de cirugía en vivo.</p>
<p>Además, los participantes contarán con el acompañamiento de conferencista internacionales invitados, entre ellos el Dr Federico Vélez, Dr Jesús Merayo y Dr Alvaro Pereira, conferencistas nacionales y profesores Foscal.</p>
<p>En la agenda académica del curso encontrarán temas de Córnea, superficie ocular, cirugía refractiva, catarata, glaucoma, estrabismo, oftalmopediatria, retina, neuro – oftalmología y oculoplastia. ¡Felicidades a todos los participantes![/vc_column_text][/vc_column][vc_column width=&#8221;1/6&#8243;][/vc_column][/vc_row]</p>

<p>[vc_row iw_layout=&#8221;wide-bg&#8221;][vc_column width=&#8221;1/6&#8243;][/vc_column][vc_column width=&#8221;2/3&#8243;][vc_empty_space][vc_gallery type=&#8221;flexslider_slide&#8221; interval=&#8221;5&#8243; images=&#8221;5051,5052,5053,5054&#8243; img_size=&#8221;large&#8221;][inwave_heading preview_style_1=&#8221;&#8221; title=&#8221;{Detalle del evento}&#8221;][vc_column_text]El evento contemplará 60 horas teóricas; talleres prácticos con equipos de diagnóstico; tratamientos de última generación y más de 3 horas de cirugía en vivo. Además, los participantes contarán con el acompañamiento de conferencista internacionales invitados, entre ellos el Dr Federico Vélez, Dr Jesús&#8230;</p>
