{"id":2969,"date":"2019-07-19T23:20:14","date_gmt":"2019-07-19T23:20:14","guid":{"rendered":"https:\/\/virgiliogalvis.com\/?page_id=2969"},"modified":"2019-07-19T23:20:14","modified_gmt":"2019-07-19T23:20:14","slug":"dra-maria-paula-quintero-mutis","status":"publish","type":"page","link":"https:\/\/virgiliogalvis.com\/en\/medicos-oftalmologos\/dra-maria-paula-quintero-mutis\/","title":{"rendered":"Dr. Mar\u00eda Paula Quintero Mutis"},"content":{"rendered":"<p>[vc_row iw_layout=&#8221;wide-bg&#8221;][vc_column][vc_row_inner equal_height=&#8221;yes&#8221; content_placement=&#8221;middle&#8221;][vc_column_inner width=&#8221;1\/2&#8243;][inwave_heading preview_style_1=&#8221;&#8221; title=&#8221;{Dra. Mar\u00eda Paula Quintero Mutis}&#8221;][vc_column_text el_class=&#8221;dg-p-doc&#8221;]<\/p>\n<h4><span style=\"color: #00375f;\">MD. Oftalm\u00f3loga<\/span><\/h4>\n<p><span style=\"color: #00375f;\">Especialista en Cirug\u00eda Pl\u00e1stica Ocular, Oncol\u00f3gica y \u00d3rbita.<\/span>[\/vc_column_text][vc_btn title=&#8221;Solicite su cita&#8221; align=&#8221;left&#8221; link=&#8221;url:https%3A%2F%2Fvirgiliogalvis.com%2Fsolicite-su-cita%2F|title:Solicite%20su%20cita||&#8221; el_class=&#8221;popmake-3281 pum-trigger&#8221;][\/vc_column_inner][vc_column_inner width=&#8221;1\/2&#8243;][vc_single_image image=&#8221;4337&#8243; img_size=&#8221;large&#8221;][\/vc_column_inner][\/vc_row_inner][inwave_tabs layout=&#8221;layout3&#8243; preview_style3=&#8221;&#8221;][inwave_tab_container title=&#8221;ESPECIALIDADES&#8221; icon=&#8221;fa fa-home&#8221;][vc_column_text]<\/p>\n<p class=\"p1\"><span class=\"s1\">M\u00e9dica y Cirujana &#8211; Universidad Aut\u00f3noma de Bucaramanga UNAB, Santander 2010. <\/span><\/p>\n<p class=\"p1\"><span class=\"s1\">Especialista en Oftalmolog\u00eda Universidad Industrial de Santander UIS &#8211; Fundaci\u00f3n Oftalmol\u00f3gica de Santander FOSCAL<b>\u00a0<\/b> 2017.<br \/>\n<\/span><\/p>\n<p class=\"p3\"><span class=\"s1\">Especialista en cirug\u00eda pl\u00e1stica ocular, oncol\u00f3gica y \u00f3rbita, Fundaci\u00f3n Oftalmol\u00f3gica de Santander FOSCAL Julio 2017.<\/span><\/p>\n<p>[\/vc_column_text][\/inwave_tab_container][inwave_tab_container title=&#8221;CONGRESOS, CURSOS Y PASANT\u00cdAS&#8221; icon=&#8221;fa fa-star&#8221;][vc_row_inner][vc_column_inner][vc_column_text]<\/p>\n<p class=\"p1\"><span class=\"s1\">Curso de Reanimaci\u00f3n B\u00e1sica<span class=\"Apple-converted-space\">\u00a0 <\/span>BLS y Avanzada ACLS , Autorizado por AHA- Actualizaci\u00f3n Gu\u00edas 2010, Fundaci\u00f3n Reanimaci\u00f3n Colombia -SCARE Bucaramanga, Colombia Noviembre 2010<\/span><\/p>\n<p class=\"p2\"><span class=\"s1\">24 Curso Bienal de Glaucoma \u2013Bogot\u00e1, Colombia 20-21 Septiembre 2013<\/span><\/p>\n<p class=\"p2\"><span class=\"s1\">VII Curso Internacional de Oftalmolog\u00eda FOSCAL \u2013 Bucaramanga, Enero 2013. Asistente <\/span><\/p>\n<p class=\"p2\"><span class=\"s1\">VIII Curso Internacional de Oftalmolog\u00eda FOSCAL \u2013 Bucaramanga, Enero 2014. Asistente <\/span><\/p>\n<p class=\"p3\"><span class=\"s2\">I Simposio de Actualizaci\u00f3n en enfoque diagn\u00f3stico terap\u00e9utico y preventivo del Herpes Zoster. <\/span><span class=\"s3\">Universidad Aut\u00f3noma de Bucaramanga y Fundaci\u00f3n Oftalmol\u00f3gica de Santander FOSCAL. Floridablanca 4 Octubre 2014<\/span><\/p>\n<p class=\"p2\"><span class=\"s1\">Congreso Panamericano: Oculoplastica sin Fronteras II- Canc\u00fan M\u00e9xico 12 al 14 Octubre 2014<\/span><\/p>\n<p class=\"p2\"><span class=\"s1\">IX Curso Internacional de Oftalmolog\u00eda FOSCAL \u2013 Bucaramanga, Enero 2015. <\/span><\/p>\n<p class=\"p3\"><span class=\"s3\">III Curso de p\u00e9rdida de v\u00edtreo- &#8211; SALAMANDRA. Bucaramanga, Enero 31, 2015. FOSCAL.<\/span><\/p>\n<p class=\"p3\"><span class=\"s3\">Simposio de Cuidado Ocular en paciente cr\u00edtico, Universidad Aut\u00f3noma de Bucaramanga, Centro Oftalmol\u00f3gico Virgilio Galvis y Fundaci\u00f3n Oftalmol\u00f3gica de Santander FOSCAL. Floridablanca 25 Abril 2015<\/span><\/p>\n<p class=\"p3\"><span class=\"s3\">Simposio de Anestesia en Oftalmolog\u00eda, Universidad Aut\u00f3noma de Bucaramanga y Fundaci\u00f3n Oftalmol\u00f3gica de Santander FOSCAL. Floridablanca 12 y 14 Mayo 2015<\/span><\/p>\n<p class=\"p3\"><span class=\"s1\">Curso de Fundamentos B\u00e1sicos en Baja visi\u00f3n. Universidad Santo Tom\u00e1s, Facultad de Optometr\u00eda, en colaboraci\u00f3n con el Centro Asociado Suramericano de la c\u00e1tedra Unesco en Salud Visual y Desarrollo. Intensidad horario: 12 horas. Bucaramanga 23 Mayo 2015<\/span><\/p>\n<p class=\"p3\"><span class=\"s3\">Pr\u00e1ctica Virtual en Facoemulsificaci\u00f3n. Curso B\u00e1sico y Curso Avanzado, intensidad horaria: 20 horas. Sociedad Colombiana de Oftalmolog\u00eda 5-9 de Octubre 2015<\/span><\/p>\n<p class=\"p3\"><span class=\"s1\">American Academy Of Ophthalmology .Las Vegas, Nevada. 13-17 Noviembre 2015<\/span><\/p>\n<p class=\"p3\"><span class=\"s1\">X Curso Internacional de Oftalmolog\u00eda FOSCAL \u2013 Bucaramanga, Enero 2016.<\/span><\/p>\n<p class=\"p3\"><span class=\"s1\">35 WOC 2016. World Ophthalmology Congress of the International Council of Ophthalmology- Sociedad Mexicana de Oftalmolog\u00eda \u2013 Guadalajara 5 al 9 Febrero 2016<\/span><\/p>\n<p class=\"p3\"><span class=\"s1\">XXXVII Congreso Nacional e Internacional de Oftalmolog\u00eda . Sociedad Colombiana de Oftalmolog\u00eda \u2013 Cartagena 24-27 de Agosto 2016<\/span><\/p>\n<p class=\"p3\"><span class=\"s1\">XI Curso Internacional de Oftalmolog\u00eda FOSCAL \u2013 Bucaramanga, Enero 2017. Conferencista. <\/span><\/p>\n<ul class=\"ul1\">\n<li style=\"list-style-type: none;\">\n<ul class=\"ul1\">\n<li class=\"li3\"><span class=\"s1\">Enfermedad Inflamatoria de la \u00d3rbita<\/span><\/li>\n<li class=\"li3\"><span class=\"s1\">Tumores benignos de p\u00e1rpados <\/span><\/li>\n<li class=\"li3\"><span class=\"s1\">Patolog\u00edas de la v\u00eda lagrimal <\/span><\/li>\n<\/ul>\n<\/li>\n<\/ul>\n<p class=\"p3\"><span class=\"s1\">Congreso Panamericano: Oculopl\u00e1stica sin Fronteras III- Canc\u00fan M\u00e9xico 20 al 22 Abril 2017<\/span><\/p>\n<p class=\"p3\"><span class=\"s1\">XIV Congreso Internacional de Oftalmolog\u00eda . Cl\u00ednica Oftalmol\u00f3gica de Cali- Cali 26 y 27 Mayo 2017<\/span><\/p>\n<p class=\"p3\"><span class=\"s1\">XII Curso Internacional de Oftalmolog\u00eda FOSCAL \u2013 Bucaramanga, Enero 2018. Conferencista. <\/span><\/p>\n<p>[\/vc_column_text][\/vc_column_inner][\/vc_row_inner][\/inwave_tab_container][inwave_tab_container title=&#8221;TRABAJOS Y PONENCIAS CIENT\u00cdFICAS&#8221; icon=&#8221;fa fa-envelope-o&#8221;][vc_row_inner][vc_column_inner][vc_column_text]<\/p>\n<p class=\"p1\"><span class=\"s1\">Prevalencia de Queratocono en pacientes que consultaron con deseos de cirug\u00eda refractiva en un centro oftalmol\u00f3gico de referencia de Bucaramanga, Colombia. Poster cient\u00edfico XXXIV Congreso Nacional e Internacional de Oftalmolog\u00eda 2010, Sociedad Colombiana de Oftalmolog\u00eda, Bogot\u00e1, Agosto 2010.<\/span><\/p>\n<p class=\"p1\"><span class=\"s1\">Publicado: Rev. Sociedad Colombiana de Oftalmolog\u00eda, Volumen 44, Pag 129-134, 2011<\/span><\/p>\n<p class=\"p1\"><span class=\"s1\">Enhanced S-Cone Syndrome ; Primer Caso en la Literatura de Respuesta Positiva a la Dorzolamida T\u00f3pica en un Paciente Pedi\u00e1trico. Poster cient\u00edfico XXXVI Congreso Nacional e Internacional de Oftalmolog\u00eda 2014, Sociedad Colombiana de Oftalmolog\u00eda, Medell\u00edn, Agosto 2014. <\/span><\/p>\n<p class=\"p1\"><span class=\"s1\">Inusual caso de Luxaci\u00f3n de lente intraocular traum\u00e1tica autoinfligida a espacio subconjuntival en un paciente con Trastorno Bipolar. Poster cient\u00edfico XXXVII Congreso Nacional e Internacional de Oftalmolog\u00eda, Sociedad Colombiana de Oftalmolog\u00eda, Cartagena, 24-27 Agosto 2016. <\/span><\/p>\n<p class=\"p1\"><span class=\"s1\">Tesis de Grado. RESULTADOS VISUALES EN LA CORRECCI\u00d3N DE MIOP\u00cdA POR L\u00c1SER IN SITU QUERATOMILEUSIS Y ABLACI\u00d3N DE SUPERFICIE, CON LA PLATAFORMA SCHWIND AMARIS DE 750 HZ. Enero 2016.<\/span><\/p>\n<p class=\"p4\"><span class=\"s2\">Melanoma conjuntival in situ localmente avanzado: Combinaci\u00f3n exitosa de tratamiento m\u00e9dico.<\/span><span class=\"s1\"> Trabajo Libre Quinto Congreso de Cirug\u00eda Pl\u00e1stica Ocular, \u00d3rbita y Oncolog\u00eda ACPO 27-29 Julio 2017.<\/span><\/p>\n<p>[\/vc_column_text][\/vc_column_inner][\/vc_row_inner][\/inwave_tab_container][inwave_tab_container title=&#8221;SOCIEDADES M\u00c9DICAS Y DE INVESTIGACI\u00d3N A LAS QUE PERTENECE&#8221; icon=&#8221;fa fa-search&#8221;][vc_column_text]<\/p>\n<p class=\"p1\"><span class=\"s1\">Miembro de n\u00famero de la Sociedad Colombiana de Oftalmolog\u00eda. Agosto 2014<\/span><\/p>\n<p class=\"p1\"><span class=\"s1\">Miembro en entrenamiento American Academy Of Ophthalmology . Noviembre 2015<\/span><\/p>\n<p>[\/vc_column_text][\/inwave_tab_container][\/inwave_tabs][\/vc_column][\/vc_row]<\/p>\n","protected":false},"excerpt":{"rendered":"<p>[vc_row iw_layout=&#8221;wide-bg&#8221;][vc_column][vc_row_inner equal_height=&#8221;yes&#8221; content_placement=&#8221;middle&#8221;][vc_column_inner width=&#8221;1\/2&#8243;][inwave_heading preview_style_1=&#8221;&#8221; title=&#8221;{Dra. Mar\u00eda Paula Quintero Mutis}&#8221;][vc_column_text el_class=&#8221;dg-p-doc&#8221;] MD. Oftalm\u00f3loga Especialista en Cirug\u00eda Pl\u00e1stica Ocular, Oncol\u00f3gica y \u00d3rbita.[\/vc_column_text][vc_btn title=&#8221;Solicite su cita&#8221; align=&#8221;left&#8221; link=&#8221;url:https%3A%2F%2Fvirgiliogalvis.com%2Fsolicite-su-cita%2F|title:Solicite%20su%20cita||&#8221; el_class=&#8221;popmake-3281 pum-trigger&#8221;][\/vc_column_inner][vc_column_inner width=&#8221;1\/2&#8243;][vc_single_image image=&#8221;4337&#8243; img_size=&#8221;large&#8221;][\/vc_column_inner][\/vc_row_inner][inwave_tabs layout=&#8221;layout3&#8243; preview_style3=&#8221;&#8221;][inwave_tab_container title=&#8221;ESPECIALIDADES&#8221; icon=&#8221;fa fa-home&#8221;][vc_column_text] M\u00e9dica y Cirujana &#8211; Universidad Aut\u00f3noma de Bucaramanga UNAB, Santander 2010. Especialista en Oftalmolog\u00eda Universidad Industrial de Santander&#8230;<\/p>\n","protected":false},"author":2,"featured_media":0,"parent":2710,"menu_order":0,"comment_status":"closed","ping_status":"closed","template":"page-templates\/full-width-page.php","meta":{"_acf_changed":false,"inline_featured_image":false,"footnotes":""},"class_list":["post-2969","page","type-page","status-publish","hentry"],"acf":[],"_links":{"self":[{"href":"https:\/\/virgiliogalvis.com\/en\/wp-json\/wp\/v2\/pages\/2969","targetHints":{"allow":["GET"]}}],"collection":[{"href":"https:\/\/virgiliogalvis.com\/en\/wp-json\/wp\/v2\/pages"}],"about":[{"href":"https:\/\/virgiliogalvis.com\/en\/wp-json\/wp\/v2\/types\/page"}],"author":[{"embeddable":true,"href":"https:\/\/virgiliogalvis.com\/en\/wp-json\/wp\/v2\/users\/2"}],"replies":[{"embeddable":true,"href":"https:\/\/virgiliogalvis.com\/en\/wp-json\/wp\/v2\/comments?post=2969"}],"version-history":[{"count":0,"href":"https:\/\/virgiliogalvis.com\/en\/wp-json\/wp\/v2\/pages\/2969\/revisions"}],"up":[{"embeddable":true,"href":"https:\/\/virgiliogalvis.com\/en\/wp-json\/wp\/v2\/pages\/2710"}],"wp:attachment":[{"href":"https:\/\/virgiliogalvis.com\/en\/wp-json\/wp\/v2\/media?parent=2969"}],"curies":[{"name":"wp","href":"https:\/\/api.w.org\/{rel}","templated":true}]}}

Dr. María Paula Quintero Mutis

<p>[vc_row iw_layout=&#8221;wide-bg&#8221;][vc_column][vc_row_inner equal_height=&#8221;yes&#8221; content_placement=&#8221;middle&#8221;][vc_column_inner width=&#8221;1/2&#8243;][inwave_heading preview_style_1=&#8221;&#8221; title=&#8221;{Dra. María Paula Quintero Mutis}&#8221;][vc_column_text el_class=&#8221;dg-p-doc&#8221;]</p>
<h4><span style="color: #00375f;">MD. Oftalmóloga</span></h4>
<p><span style="color: #00375f;">Especialista en Cirugía Plástica Ocular, Oncológica y Órbita.</span>[/vc_column_text][vc_btn title=&#8221;Solicite su cita&#8221; align=&#8221;left&#8221; link=&#8221;url:https%3A%2F%2Fvirgiliogalvis.com%2Fsolicite-su-cita%2F|title:Solicite%20su%20cita||&#8221; el_class=&#8221;popmake-3281 pum-trigger&#8221;][/vc_column_inner][vc_column_inner width=&#8221;1/2&#8243;][vc_single_image image=&#8221;4337&#8243; img_size=&#8221;large&#8221;][/vc_column_inner][/vc_row_inner][inwave_tabs layout=&#8221;layout3&#8243; preview_style3=&#8221;&#8221;][inwave_tab_container title=&#8221;ESPECIALIDADES&#8221; icon=&#8221;fa fa-home&#8221;][vc_column_text]</p>
<p class="p1"><span class="s1">Médica y Cirujana &#8211; Universidad Autónoma de Bucaramanga UNAB, Santander 2010. </span></p>
<p class="p1"><span class="s1">Especialista en Oftalmología Universidad Industrial de Santander UIS &#8211; Fundación Oftalmológica de Santander FOSCAL<b> </b> 2017.<br />
</span></p>
<p class="p3"><span class="s1">Especialista en cirugía plástica ocular, oncológica y órbita, Fundación Oftalmológica de Santander FOSCAL Julio 2017.</span></p>
<p>[/vc_column_text][/inwave_tab_container][inwave_tab_container title=&#8221;CONGRESOS, CURSOS Y PASANTÍAS&#8221; icon=&#8221;fa fa-star&#8221;][vc_row_inner][vc_column_inner][vc_column_text]</p>
<p class="p1"><span class="s1">Curso de Reanimación Básica<span class="Apple-converted-space">  </span>BLS y Avanzada ACLS , Autorizado por AHA- Actualización Guías 2010, Fundación Reanimación Colombia -SCARE Bucaramanga, Colombia Noviembre 2010</span></p>
<p class="p2"><span class="s1">24 Curso Bienal de Glaucoma –Bogotá, Colombia 20-21 Septiembre 2013</span></p>
<p class="p2"><span class="s1">VII Curso Internacional de Oftalmología FOSCAL – Bucaramanga, Enero 2013. Asistente </span></p>
<p class="p2"><span class="s1">VIII Curso Internacional de Oftalmología FOSCAL – Bucaramanga, Enero 2014. Asistente </span></p>
<p class="p3"><span class="s2">I Simposio de Actualización en enfoque diagnóstico terapéutico y preventivo del Herpes Zoster. </span><span class="s3">Universidad Autónoma de Bucaramanga y Fundación Oftalmológica de Santander FOSCAL. Floridablanca 4 Octubre 2014</span></p>
<p class="p2"><span class="s1">Congreso Panamericano: Oculoplastica sin Fronteras II- Cancún México 12 al 14 Octubre 2014</span></p>
<p class="p2"><span class="s1">IX Curso Internacional de Oftalmología FOSCAL – Bucaramanga, Enero 2015. </span></p>
<p class="p3"><span class="s3">III Curso de pérdida de vítreo- &#8211; SALAMANDRA. Bucaramanga, Enero 31, 2015. FOSCAL.</span></p>
<p class="p3"><span class="s3">Simposio de Cuidado Ocular en paciente crítico, Universidad Autónoma de Bucaramanga, Centro Oftalmológico Virgilio Galvis y Fundación Oftalmológica de Santander FOSCAL. Floridablanca 25 Abril 2015</span></p>
<p class="p3"><span class="s3">Simposio de Anestesia en Oftalmología, Universidad Autónoma de Bucaramanga y Fundación Oftalmológica de Santander FOSCAL. Floridablanca 12 y 14 Mayo 2015</span></p>
<p class="p3"><span class="s1">Curso de Fundamentos Básicos en Baja visión. Universidad Santo Tomás, Facultad de Optometría, en colaboración con el Centro Asociado Suramericano de la cátedra Unesco en Salud Visual y Desarrollo. Intensidad horario: 12 horas. Bucaramanga 23 Mayo 2015</span></p>
<p class="p3"><span class="s3">Práctica Virtual en Facoemulsificación. Curso Básico y Curso Avanzado, intensidad horaria: 20 horas. Sociedad Colombiana de Oftalmología 5-9 de Octubre 2015</span></p>
<p class="p3"><span class="s1">American Academy Of Ophthalmology .Las Vegas, Nevada. 13-17 Noviembre 2015</span></p>
<p class="p3"><span class="s1">X Curso Internacional de Oftalmología FOSCAL – Bucaramanga, Enero 2016.</span></p>
<p class="p3"><span class="s1">35 WOC 2016. World Ophthalmology Congress of the International Council of Ophthalmology- Sociedad Mexicana de Oftalmología – Guadalajara 5 al 9 Febrero 2016</span></p>
<p class="p3"><span class="s1">XXXVII Congreso Nacional e Internacional de Oftalmología . Sociedad Colombiana de Oftalmología – Cartagena 24-27 de Agosto 2016</span></p>
<p class="p3"><span class="s1">XI Curso Internacional de Oftalmología FOSCAL – Bucaramanga, Enero 2017. Conferencista. </span></p>
<ul class="ul1">
<li style="list-style-type: none;">
<ul class="ul1">
<li class="li3"><span class="s1">Enfermedad Inflamatoria de la Órbita</span></li>
<li class="li3"><span class="s1">Tumores benignos de párpados </span></li>
<li class="li3"><span class="s1">Patologías de la vía lagrimal </span></li>
</ul>
</li>
</ul>
<p class="p3"><span class="s1">Congreso Panamericano: Oculoplástica sin Fronteras III- Cancún México 20 al 22 Abril 2017</span></p>
<p class="p3"><span class="s1">XIV Congreso Internacional de Oftalmología . Clínica Oftalmológica de Cali- Cali 26 y 27 Mayo 2017</span></p>
<p class="p3"><span class="s1">XII Curso Internacional de Oftalmología FOSCAL – Bucaramanga, Enero 2018. Conferencista. </span></p>
<p>[/vc_column_text][/vc_column_inner][/vc_row_inner][/inwave_tab_container][inwave_tab_container title=&#8221;TRABAJOS Y PONENCIAS CIENTÍFICAS&#8221; icon=&#8221;fa fa-envelope-o&#8221;][vc_row_inner][vc_column_inner][vc_column_text]</p>
<p class="p1"><span class="s1">Prevalencia de Queratocono en pacientes que consultaron con deseos de cirugía refractiva en un centro oftalmológico de referencia de Bucaramanga, Colombia. Poster científico XXXIV Congreso Nacional e Internacional de Oftalmología 2010, Sociedad Colombiana de Oftalmología, Bogotá, Agosto 2010.</span></p>
<p class="p1"><span class="s1">Publicado: Rev. Sociedad Colombiana de Oftalmología, Volumen 44, Pag 129-134, 2011</span></p>
<p class="p1"><span class="s1">Enhanced S-Cone Syndrome ; Primer Caso en la Literatura de Respuesta Positiva a la Dorzolamida Tópica en un Paciente Pediátrico. Poster científico XXXVI Congreso Nacional e Internacional de Oftalmología 2014, Sociedad Colombiana de Oftalmología, Medellín, Agosto 2014. </span></p>
<p class="p1"><span class="s1">Inusual caso de Luxación de lente intraocular traumática autoinfligida a espacio subconjuntival en un paciente con Trastorno Bipolar. Poster científico XXXVII Congreso Nacional e Internacional de Oftalmología, Sociedad Colombiana de Oftalmología, Cartagena, 24-27 Agosto 2016. </span></p>
<p class="p1"><span class="s1">Tesis de Grado. RESULTADOS VISUALES EN LA CORRECCIÓN DE MIOPÍA POR LÁSER IN SITU QUERATOMILEUSIS Y ABLACIÓN DE SUPERFICIE, CON LA PLATAFORMA SCHWIND AMARIS DE 750 HZ. Enero 2016.</span></p>
<p class="p4"><span class="s2">Melanoma conjuntival in situ localmente avanzado: Combinación exitosa de tratamiento médico.</span><span class="s1"> Trabajo Libre Quinto Congreso de Cirugía Plástica Ocular, Órbita y Oncología ACPO 27-29 Julio 2017.</span></p>
<p>[/vc_column_text][/vc_column_inner][/vc_row_inner][/inwave_tab_container][inwave_tab_container title=&#8221;SOCIEDADES MÉDICAS Y DE INVESTIGACIÓN A LAS QUE PERTENECE&#8221; icon=&#8221;fa fa-search&#8221;][vc_column_text]</p>
<p class="p1"><span class="s1">Miembro de número de la Sociedad Colombiana de Oftalmología. Agosto 2014</span></p>
<p class="p1"><span class="s1">Miembro en entrenamiento American Academy Of Ophthalmology . Noviembre 2015</span></p>
<p>[/vc_column_text][/inwave_tab_container][/inwave_tabs][/vc_column][/vc_row]</p>

<p>[vc_row iw_layout=&#8221;wide-bg&#8221;][vc_column][vc_row_inner equal_height=&#8221;yes&#8221; content_placement=&#8221;middle&#8221;][vc_column_inner width=&#8221;1/2&#8243;][inwave_heading preview_style_1=&#8221;&#8221; title=&#8221;{Dra. María Paula Quintero Mutis}&#8221;][vc_column_text el_class=&#8221;dg-p-doc&#8221;] MD. Oftalmóloga Especialista en Cirugía Plástica Ocular, Oncológica y Órbita.[/vc_column_text][vc_btn title=&#8221;Solicite su cita&#8221; align=&#8221;left&#8221; link=&#8221;url:https%3A%2F%2Fvirgiliogalvis.com%2Fsolicite-su-cita%2F|title:Solicite%20su%20cita||&#8221; el_class=&#8221;popmake-3281 pum-trigger&#8221;][/vc_column_inner][vc_column_inner width=&#8221;1/2&#8243;][vc_single_image image=&#8221;4337&#8243; img_size=&#8221;large&#8221;][/vc_column_inner][/vc_row_inner][inwave_tabs layout=&#8221;layout3&#8243; preview_style3=&#8221;&#8221;][inwave_tab_container title=&#8221;ESPECIALIDADES&#8221; icon=&#8221;fa fa-home&#8221;][vc_column_text] Médica y Cirujana &#8211; Universidad Autónoma de Bucaramanga UNAB, Santander 2010. Especialista en Oftalmología Universidad Industrial de Santander&#8230;</p>
