{"id":2963,"date":"2019-07-19T23:03:21","date_gmt":"2019-07-19T23:03:21","guid":{"rendered":"https:\/\/virgiliogalvis.com\/?page_id=2963"},"modified":"2019-07-19T23:03:21","modified_gmt":"2019-07-19T23:03:21","slug":"dr-angelica-maria-prada-rocha","status":"publish","type":"page","link":"https:\/\/virgiliogalvis.com\/en\/medicos-oftalmologos\/dr-angelica-maria-prada-rocha\/","title":{"rendered":"Dr. Angelica Maria Prada Rocha"},"content":{"rendered":"<p>[vc_row iw_layout=&#8221;wide-bg&#8221;][vc_column][vc_row_inner equal_height=&#8221;yes&#8221; content_placement=&#8221;middle&#8221;][vc_column_inner width=&#8221;1\/2&#8243;][inwave_heading preview_style_1=&#8221;&#8221; title=&#8221;{Dra. Ang\u00e9lica Mar\u00eda Prada Rocha}&#8221;][vc_column_text el_class=&#8221;dg-p-doc&#8221;]<\/p>\n<h4><span style=\"color: #00375f;\">MD. Oftalm\u00f3loga<\/span><\/h4>\n<p><span style=\"color: #00375f;\"><span class=\"s1\">Especialista en Oftalmolog\u00eda Pedi\u00e1trica y Estrabismo<\/span>.<\/span>[\/vc_column_text][vc_btn title=&#8221;Agende su cita&#8221; align=&#8221;left&#8221; link=&#8221;url:https%3A%2F%2Fvirgiliogalvis.com%2Fsolicite-su-cita%2F|title:Solicite%20su%20cita||&#8221; el_class=&#8221;popmake-3281 pum-trigger&#8221;][\/vc_column_inner][vc_column_inner width=&#8221;1\/2&#8243;][vc_single_image image=&#8221;4331&#8243; img_size=&#8221;large&#8221;][\/vc_column_inner][\/vc_row_inner][inwave_tabs layout=&#8221;layout3&#8243; preview_style3=&#8221;&#8221;][inwave_tab_container title=&#8221;ESPECIALIDADES&#8221; icon=&#8221;fa fa-home&#8221;][vc_column_text]<\/p>\n<p class=\"p1\"><span class=\"s1\">Medicina y Cirugia &#8211; <\/span><span class=\"s1\">Universidad Industrial de Santander, Santander 2011 <span class=\"Apple-converted-space\">\u00a0 \u00a0<\/span><\/span><\/p>\n<p class=\"p1\"><span class=\"s1\">Supra especialista en Oftalmolog\u00eda Pedi\u00e1trica y Estrabismo\u00a0 FOSCAL, Santander 2018<\/span><\/p>\n<p>Rotaci\u00f3n electiva en Oftalmolog\u00eda Pedi\u00e1trica y Estrabismo <span class=\"s1\">University of California Los Angeles (UCLA). California, Estados Unidos 2016<br \/>\n<\/span><\/p>\n<p class=\"p1\"><span class=\"s1\">Rotaci\u00f3n electiva en Oftalmolog\u00eda Pedi\u00e1trica <\/span><span class=\"s1\">Children&#8217;s Hospital Los Angeles (CHLA). California, Estados Unidos 2016.<br \/>\n<\/span><\/p>\n<p class=\"p1\"><span class=\"s1\">Especialista en Oftalmolog\u00eda Universidad Aut\u00f3noma de Bucaramanga (UNAB). Santander, Colombia 2017.<br \/>\n<\/span><\/p>\n<p>[\/vc_column_text][\/inwave_tab_container][inwave_tab_container title=&#8221;PREMIOS&#8221; icon=&#8221;fa fa-star&#8221;][vc_row_inner][vc_column_inner][vc_column_text]<\/p>\n<p class=\"p1\"><span class=\"s1\">Congreso Europeo de la sociedad de catarata y cirug\u00eda refractiva ESCRS 2017<\/span><\/p>\n<p class=\"p1\"><span class=\"s1\">Curso Internacional de Oftalmolog\u00eda FOSCAL, 2012 <\/span><\/p>\n<p class=\"p1\"><span class=\"s1\">Primer puesto. 7\u00ba Curso internacional de oftalmolog\u00eda FOSCAL. Ciencias b\u00e1sicas en Oftalmolog\u00eda.<br \/>\n2013<br \/>\nPrimer puesto. 8\u00ba Curso internacional de oftalmolog\u00eda FOSCAL. Ciencias b\u00e1sicas en Oftalmolog\u00eda.<br \/>\nPremio al rendimiento acad\u00e9mico. FOSCAL. 2014<br \/>\n<\/span><\/p>\n<p>[\/vc_column_text][\/vc_column_inner][\/vc_row_inner][\/inwave_tab_container][inwave_tab_container title=&#8221;PUBLICACIONES&#8221; icon=&#8221;fa fa-envelope-o&#8221;][vc_row_inner][vc_column_inner][vc_column_text]<\/p>\n<p class=\"p1\"><span class=\"s1\">Iris coloboma in one eye and pigment dispersion syndrome in the fellow eye. Galvis V, Tello A, Valrezo P, <b>Prada AM<\/b>. BMJ Case Rep, 2013 May 22;2013.<\/span><\/p>\n<p class=\"p1\"><span class=\"s1\">Corneal Transplantation at an Ophthalmological Referral Center in Colombia: Indications and Techniques (2004 \u2013 2011). Galvis V, Tello A, Gomez AJ, Rangel CM, <b>Prada AM<\/b>, Camacho PA. Open Ophthalmol J. 2013 Jul 17;7:30-3. <\/span><\/p>\n<p class=\"p1\"><span class=\"s1\"> Re: Wu et al: Outdoor activity during class recess reduces myopia onset and progression in school children (Ophthalmology 2013; 120:1080-1085). Galvis V, Tello A, Castellanos YA, Camacho PA, <b>Prada AM<\/b>,<span class=\"Apple-converted-space\">\u00a0 <\/span>Rangel CM. Ophthalmology. 2014 Apr;121(4):e20.<\/span><\/p>\n<p class=\"p1\"><span class=\"s1\">Immune recovery uveitis in a patient without previous cytomegalovirus retinitis diagnosis. Rangel CM, <b>Prada AM<\/b>, Varon C, Merayo-Lloves J. BMJ Case Rep. 2015 Nov 3;2015.<\/span><\/p>\n<p class=\"p1\"><span class=\"s1\">Changing trends in keratoconus management. Galvis V, Tello A, <b>Prada AM<\/b>, Rangel CM. C\u00f3rnea. 2016 Mar;35(3):e6-7. <\/span><\/p>\n<p class=\"p1\"><span class=\"s1\">Surgical management of strabismus following choroidal melanoma plaque brachytherapy. Alfreihi SH, Pineles SL, McCannel TA, <b>Prada AM<\/b>, V\u00e9lez FG. J AAPOS. 2017 Aug:21(4):286-290.e2<\/span><\/p>\n<p class=\"p1\"><span class=\"s1\">Iatrogenic central retinal artery occlusion after carotid body tumor embolization and excision. Rangel CM, Jaramillo S, Varon CL, <b>Prada AM<\/b>. GMS Ophtalmol Cases. 2017 Mar 24:7:Doc09<\/span><\/p>\n<p>[\/vc_column_text][\/vc_column_inner][\/vc_row_inner][\/inwave_tab_container][inwave_tab_container title=&#8221;CONGRESOS&#8221; icon=&#8221;fa fa-user&#8221;][vc_column_text]<\/p>\n<ol class=\"ol1\">\n<li class=\"li1\"><span class=\"s2\">Facioscapulohumeral Syndrome presenting as a bilateral Coats Disease. <i> Poster.<\/i> Congreso Pan-americano de Oftalmolog\u00eda.<i> Bogot\u00e1, Colombia 2015.<\/i><\/span><\/li>\n<li class=\"li1\"><span class=\"s2\">Immune Recovery Uveitis in a patient without previous Cytomegalovirus Retinitis diagnosis. <i>Poster. XXXI <\/i>Congreso Pan-americano de Oftalmolog\u00eda.<i> Bogot\u00e1, Colombia 2015.<\/i><\/span><\/li>\n<li class=\"li1\"><i><\/i><span class=\"s2\">An adventure from pole to pole. <i>Video. XXXI <\/i>Congreso Pan-americano de Oftalmolog\u00eda.<i> Bogot\u00e1, Colombia 2015.<\/i><\/span><\/li>\n<li class=\"li1\"><span class=\"s2\">Determinaci\u00f3n de la asociaci\u00f3n de factores sociodemogr\u00e1ficos y medioambientales con defectos refractivos en ni\u00f1os del \u00e1rea metropolitana de Bucaramanga. Poster. <i> XXXVI Congreso nacional e internacional de Oftalmolog\u00eda.<span class=\"Apple-converted-space\">\u00a0 <\/span>Medell\u00edn \u2013 Colombia.<span class=\"Apple-converted-space\">\u00a0 <\/span>Agosto 2014. <\/i><\/span><\/li>\n<li class=\"li1\"><span class=\"s2\">Hallazgos en la Angiograf\u00eda Fluoresce\u00ednica y en la Tomograf\u00eda de Coherencia \u00d3ptica SD-OCT en Retinopat\u00eda por Leucemia. Poster. <i>XXXVI Congreso nacional e internacional de Oftalmolog\u00eda.<span class=\"Apple-converted-space\">\u00a0 <\/span>Medell\u00edn \u2013 Colombia. Agosto 2014. <\/i><\/span><\/li>\n<li class=\"li1\"><span class=\"s2\">Artisan\u00ae f\u00e1quico t\u00f3rico en pacientes con queratocono. Poster. <i> XXXVI Congreso nacional e internacional de Oftalmolog\u00eda. Cartagena \u2013 Colombia. Agosto 2012.<\/i><\/span><\/li>\n<li class=\"li1\"><span class=\"s2\">Determination of the association of sociodemographic and environmental factors in children with refractive errors of the metropolitan area of Bucaramanga. ePoster. Congreso mundial de oftalmolog\u00eda. Guadalajara Febrero 2016.<\/span><\/li>\n<li class=\"li1\"><span class=\"s2\">Outcomes of minimally invasive strabismus surgery at an Ophthalmological Referral Center in Colombia. Presentaci\u00f3n oral. Congreso Pan-americano de Oftalmolog\u00eda. Lima, Per\u00fa. 2017<\/span><\/li>\n<\/ol>\n<p>[\/vc_column_text][\/inwave_tab_container][inwave_tab_container title=&#8221;SOCIEDADES M\u00c9DICAS Y DE INVESTIGACI\u00d3N A LAS QUE PERTENECE&#8221; icon=&#8221;fa fa-search&#8221;][vc_column_text]<\/p>\n<p class=\"p1\"><span class=\"s1\">Sociedad Colombiana de Oftalmolog\u00eda 2014 <\/span><\/p>\n<p>[\/vc_column_text][\/inwave_tab_container][\/inwave_tabs][\/vc_column][\/vc_row]<\/p>\n","protected":false},"excerpt":{"rendered":"<p>[vc_row iw_layout=&#8221;wide-bg&#8221;][vc_column][vc_row_inner equal_height=&#8221;yes&#8221; content_placement=&#8221;middle&#8221;][vc_column_inner width=&#8221;1\/2&#8243;][inwave_heading preview_style_1=&#8221;&#8221; title=&#8221;{Dra. Ang\u00e9lica Mar\u00eda Prada Rocha}&#8221;][vc_column_text el_class=&#8221;dg-p-doc&#8221;] MD. Oftalm\u00f3loga Especialista en Oftalmolog\u00eda Pedi\u00e1trica y Estrabismo.[\/vc_column_text][vc_btn title=&#8221;Agende su cita&#8221; align=&#8221;left&#8221; link=&#8221;url:https%3A%2F%2Fvirgiliogalvis.com%2Fsolicite-su-cita%2F|title:Solicite%20su%20cita||&#8221; el_class=&#8221;popmake-3281 pum-trigger&#8221;][\/vc_column_inner][vc_column_inner width=&#8221;1\/2&#8243;][vc_single_image image=&#8221;4331&#8243; img_size=&#8221;large&#8221;][\/vc_column_inner][\/vc_row_inner][inwave_tabs layout=&#8221;layout3&#8243; preview_style3=&#8221;&#8221;][inwave_tab_container title=&#8221;ESPECIALIDADES&#8221; icon=&#8221;fa fa-home&#8221;][vc_column_text] Medicina y Cirugia &#8211; Universidad Industrial de Santander, Santander 2011 \u00a0 \u00a0 Supra especialista en Oftalmolog\u00eda Pedi\u00e1trica y Estrabismo\u00a0 FOSCAL,&#8230;<\/p>\n","protected":false},"author":2,"featured_media":0,"parent":2710,"menu_order":0,"comment_status":"closed","ping_status":"closed","template":"page-templates\/full-width-page.php","meta":{"_acf_changed":false,"inline_featured_image":false,"footnotes":""},"class_list":["post-2963","page","type-page","status-publish","hentry"],"acf":[],"_links":{"self":[{"href":"https:\/\/virgiliogalvis.com\/en\/wp-json\/wp\/v2\/pages\/2963","targetHints":{"allow":["GET"]}}],"collection":[{"href":"https:\/\/virgiliogalvis.com\/en\/wp-json\/wp\/v2\/pages"}],"about":[{"href":"https:\/\/virgiliogalvis.com\/en\/wp-json\/wp\/v2\/types\/page"}],"author":[{"embeddable":true,"href":"https:\/\/virgiliogalvis.com\/en\/wp-json\/wp\/v2\/users\/2"}],"replies":[{"embeddable":true,"href":"https:\/\/virgiliogalvis.com\/en\/wp-json\/wp\/v2\/comments?post=2963"}],"version-history":[{"count":0,"href":"https:\/\/virgiliogalvis.com\/en\/wp-json\/wp\/v2\/pages\/2963\/revisions"}],"up":[{"embeddable":true,"href":"https:\/\/virgiliogalvis.com\/en\/wp-json\/wp\/v2\/pages\/2710"}],"wp:attachment":[{"href":"https:\/\/virgiliogalvis.com\/en\/wp-json\/wp\/v2\/media?parent=2963"}],"curies":[{"name":"wp","href":"https:\/\/api.w.org\/{rel}","templated":true}]}}

<p>[vc_row iw_layout=&#8221;wide-bg&#8221;][vc_column][vc_row_inner equal_height=&#8221;yes&#8221; content_placement=&#8221;middle&#8221;][vc_column_inner width=&#8221;1/2&#8243;][inwave_heading preview_style_1=&#8221;&#8221; title=&#8221;{Dra. Angélica María Prada Rocha}&#8221;][vc_column_text el_class=&#8221;dg-p-doc&#8221;]</p>
<h4><span style="color: #00375f;">MD. Oftalmóloga</span></h4>
<p><span style="color: #00375f;"><span class="s1">Especialista en Oftalmología Pediátrica y Estrabismo</span>.</span>[/vc_column_text][vc_btn title=&#8221;Agende su cita&#8221; align=&#8221;left&#8221; link=&#8221;url:https%3A%2F%2Fvirgiliogalvis.com%2Fsolicite-su-cita%2F|title:Solicite%20su%20cita||&#8221; el_class=&#8221;popmake-3281 pum-trigger&#8221;][/vc_column_inner][vc_column_inner width=&#8221;1/2&#8243;][vc_single_image image=&#8221;4331&#8243; img_size=&#8221;large&#8221;][/vc_column_inner][/vc_row_inner][inwave_tabs layout=&#8221;layout3&#8243; preview_style3=&#8221;&#8221;][inwave_tab_container title=&#8221;ESPECIALIDADES&#8221; icon=&#8221;fa fa-home&#8221;][vc_column_text]</p>
<p class="p1"><span class="s1">Medicina y Cirugia &#8211; </span><span class="s1">Universidad Industrial de Santander, Santander 2011 <span class="Apple-converted-space">   </span></span></p>
<p class="p1"><span class="s1">Supra especialista en Oftalmología Pediátrica y Estrabismo  FOSCAL, Santander 2018</span></p>
<p>Rotación electiva en Oftalmología Pediátrica y Estrabismo <span class="s1">University of California Los Angeles (UCLA). California, Estados Unidos 2016<br />
</span></p>
<p class="p1"><span class="s1">Rotación electiva en Oftalmología Pediátrica </span><span class="s1">Children&#8217;s Hospital Los Angeles (CHLA). California, Estados Unidos 2016.<br />
</span></p>
<p class="p1"><span class="s1">Especialista en Oftalmología Universidad Autónoma de Bucaramanga (UNAB). Santander, Colombia 2017.<br />
</span></p>
<p>[/vc_column_text][/inwave_tab_container][inwave_tab_container title=&#8221;PREMIOS&#8221; icon=&#8221;fa fa-star&#8221;][vc_row_inner][vc_column_inner][vc_column_text]</p>
<p class="p1"><span class="s1">Congreso Europeo de la sociedad de catarata y cirugía refractiva ESCRS 2017</span></p>
<p class="p1"><span class="s1">Curso Internacional de Oftalmología FOSCAL, 2012 </span></p>
<p class="p1"><span class="s1">Primer puesto. 7º Curso internacional de oftalmología FOSCAL. Ciencias básicas en Oftalmología.<br />
2013<br />
Primer puesto. 8º Curso internacional de oftalmología FOSCAL. Ciencias básicas en Oftalmología.<br />
Premio al rendimiento académico. FOSCAL. 2014<br />
</span></p>
<p>[/vc_column_text][/vc_column_inner][/vc_row_inner][/inwave_tab_container][inwave_tab_container title=&#8221;PUBLICACIONES&#8221; icon=&#8221;fa fa-envelope-o&#8221;][vc_row_inner][vc_column_inner][vc_column_text]</p>
<p class="p1"><span class="s1">Iris coloboma in one eye and pigment dispersion syndrome in the fellow eye. Galvis V, Tello A, Valrezo P, <b>Prada AM</b>. BMJ Case Rep, 2013 May 22;2013.</span></p>
<p class="p1"><span class="s1">Corneal Transplantation at an Ophthalmological Referral Center in Colombia: Indications and Techniques (2004 – 2011). Galvis V, Tello A, Gomez AJ, Rangel CM, <b>Prada AM</b>, Camacho PA. Open Ophthalmol J. 2013 Jul 17;7:30-3. </span></p>
<p class="p1"><span class="s1"> Re: Wu et al: Outdoor activity during class recess reduces myopia onset and progression in school children (Ophthalmology 2013; 120:1080-1085). Galvis V, Tello A, Castellanos YA, Camacho PA, <b>Prada AM</b>,<span class="Apple-converted-space">  </span>Rangel CM. Ophthalmology. 2014 Apr;121(4):e20.</span></p>
<p class="p1"><span class="s1">Immune recovery uveitis in a patient without previous cytomegalovirus retinitis diagnosis. Rangel CM, <b>Prada AM</b>, Varon C, Merayo-Lloves J. BMJ Case Rep. 2015 Nov 3;2015.</span></p>
<p class="p1"><span class="s1">Changing trends in keratoconus management. Galvis V, Tello A, <b>Prada AM</b>, Rangel CM. Córnea. 2016 Mar;35(3):e6-7. </span></p>
<p class="p1"><span class="s1">Surgical management of strabismus following choroidal melanoma plaque brachytherapy. Alfreihi SH, Pineles SL, McCannel TA, <b>Prada AM</b>, Vélez FG. J AAPOS. 2017 Aug:21(4):286-290.e2</span></p>
<p class="p1"><span class="s1">Iatrogenic central retinal artery occlusion after carotid body tumor embolization and excision. Rangel CM, Jaramillo S, Varon CL, <b>Prada AM</b>. GMS Ophtalmol Cases. 2017 Mar 24:7:Doc09</span></p>
<p>[/vc_column_text][/vc_column_inner][/vc_row_inner][/inwave_tab_container][inwave_tab_container title=&#8221;CONGRESOS&#8221; icon=&#8221;fa fa-user&#8221;][vc_column_text]</p>
<ol class="ol1">
<li class="li1"><span class="s2">Facioscapulohumeral Syndrome presenting as a bilateral Coats Disease. <i> Poster.</i> Congreso Pan-americano de Oftalmología.<i> Bogotá, Colombia 2015.</i></span></li>
<li class="li1"><span class="s2">Immune Recovery Uveitis in a patient without previous Cytomegalovirus Retinitis diagnosis. <i>Poster. XXXI </i>Congreso Pan-americano de Oftalmología.<i> Bogotá, Colombia 2015.</i></span></li>
<li class="li1"><i></i><span class="s2">An adventure from pole to pole. <i>Video. XXXI </i>Congreso Pan-americano de Oftalmología.<i> Bogotá, Colombia 2015.</i></span></li>
<li class="li1"><span class="s2">Determinación de la asociación de factores sociodemográficos y medioambientales con defectos refractivos en niños del área metropolitana de Bucaramanga. Poster. <i> XXXVI Congreso nacional e internacional de Oftalmología.<span class="Apple-converted-space">  </span>Medellín – Colombia.<span class="Apple-converted-space">  </span>Agosto 2014. </i></span></li>
<li class="li1"><span class="s2">Hallazgos en la Angiografía Fluoresceínica y en la Tomografía de Coherencia Óptica SD-OCT en Retinopatía por Leucemia. Poster. <i>XXXVI Congreso nacional e internacional de Oftalmología.<span class="Apple-converted-space">  </span>Medellín – Colombia. Agosto 2014. </i></span></li>
<li class="li1"><span class="s2">Artisan® fáquico tórico en pacientes con queratocono. Poster. <i> XXXVI Congreso nacional e internacional de Oftalmología. Cartagena – Colombia. Agosto 2012.</i></span></li>
<li class="li1"><span class="s2">Determination of the association of sociodemographic and environmental factors in children with refractive errors of the metropolitan area of Bucaramanga. ePoster. Congreso mundial de oftalmología. Guadalajara Febrero 2016.</span></li>
<li class="li1"><span class="s2">Outcomes of minimally invasive strabismus surgery at an Ophthalmological Referral Center in Colombia. Presentación oral. Congreso Pan-americano de Oftalmología. Lima, Perú. 2017</span></li>
</ol>
<p>[/vc_column_text][/inwave_tab_container][inwave_tab_container title=&#8221;SOCIEDADES MÉDICAS Y DE INVESTIGACIÓN A LAS QUE PERTENECE&#8221; icon=&#8221;fa fa-search&#8221;][vc_column_text]</p>
<p class="p1"><span class="s1">Sociedad Colombiana de Oftalmología 2014 </span></p>
<p>[/vc_column_text][/inwave_tab_container][/inwave_tabs][/vc_column][/vc_row]</p>

<p>[vc_row iw_layout=&#8221;wide-bg&#8221;][vc_column][vc_row_inner equal_height=&#8221;yes&#8221; content_placement=&#8221;middle&#8221;][vc_column_inner width=&#8221;1/2&#8243;][inwave_heading preview_style_1=&#8221;&#8221; title=&#8221;{Dra. Angélica María Prada Rocha}&#8221;][vc_column_text el_class=&#8221;dg-p-doc&#8221;] MD. Oftalmóloga Especialista en Oftalmología Pediátrica y Estrabismo.[/vc_column_text][vc_btn title=&#8221;Agende su cita&#8221; align=&#8221;left&#8221; link=&#8221;url:https%3A%2F%2Fvirgiliogalvis.com%2Fsolicite-su-cita%2F|title:Solicite%20su%20cita||&#8221; el_class=&#8221;popmake-3281 pum-trigger&#8221;][/vc_column_inner][vc_column_inner width=&#8221;1/2&#8243;][vc_single_image image=&#8221;4331&#8243; img_size=&#8221;large&#8221;][/vc_column_inner][/vc_row_inner][inwave_tabs layout=&#8221;layout3&#8243; preview_style3=&#8221;&#8221;][inwave_tab_container title=&#8221;ESPECIALIDADES&#8221; icon=&#8221;fa fa-home&#8221;][vc_column_text] Medicina y Cirugia &#8211; Universidad Industrial de Santander, Santander 2011     Supra especialista en Oftalmología Pediátrica y Estrabismo  FOSCAL,&#8230;</p>
