{"id":2764,"date":"2019-07-14T03:08:47","date_gmt":"2019-07-14T03:08:47","guid":{"rendered":"https:\/\/virgiliogalvis.com\/?page_id=2764"},"modified":"2019-07-14T03:08:47","modified_gmt":"2019-07-14T03:08:47","slug":"dr-camilo-andres-nino-moreno","status":"publish","type":"page","link":"https:\/\/virgiliogalvis.com\/en\/medicos-oftalmologos\/dr-camilo-andres-nino-moreno\/","title":{"rendered":"Dr. Camilo Andr\u00e9s Ni\u00f1o Moreno"},"content":{"rendered":"<p>[vc_row iw_layout=&#8221;wide-bg&#8221;][vc_column][vc_row_inner equal_height=&#8221;yes&#8221; content_placement=&#8221;middle&#8221;][vc_column_inner width=&#8221;1\/2&#8243;][inwave_heading preview_style_1=&#8221;&#8221; title=&#8221;{Dr. Camilo Andr\u00e9s Ni\u00f1o Moreno}&#8221;][vc_column_text el_class=&#8221;dg-p-doc&#8221;]<\/p>\n<h4><span style=\"color: #00375f;\">MD. Oftalm\u00f3logo<\/span><\/h4>\n<p><span style=\"color: #00375f;\"><span class=\"s1\">Supra especialista en Segmento Anterior, C\u00f3rnea y Cirug\u00eda Refractiva<\/span>.<\/span>[\/vc_column_text][vc_btn title=&#8221;Solicite su cita&#8221; align=&#8221;left&#8221; link=&#8221;url:https%3A%2F%2Fvirgiliogalvis.com%2Fsolicite-su-cita%2F|title:Solicite%20su%20cita||&#8221; el_class=&#8221;popmake-3281 pum-trigger&#8221;][\/vc_column_inner][vc_column_inner width=&#8221;1\/2&#8243;][vc_single_image image=&#8221;4328&#8243; img_size=&#8221;large&#8221;][\/vc_column_inner][\/vc_row_inner][inwave_tabs layout=&#8221;layout3&#8243; preview_style3=&#8221;&#8221;][inwave_tab_container title=&#8221;ESPECIALIDADES&#8221; icon=&#8221;fa fa-home&#8221;][vc_column_text]<\/p>\n<p class=\"p1\"><span class=\"s1\">Especialista en Oftalmolog\u00eda<\/span><\/p>\n<p class=\"p1\"><span class=\"s1\">Universidad de la Sabana-Ch\u00eda-Colombia<\/span><\/p>\n<p class=\"p1\"><span class=\"s1\">HOSPITAL UNIVERSITARIO LA SAMARITANA<\/span><\/p>\n<p>&nbsp;<\/p>\n<p class=\"p1\"><span class=\"s1\">Supra especialista en Cornea-Segmento Anterior y Cirug\u00eda refractiva<\/span><\/p>\n<p class=\"p1\"><span class=\"s1\">Fundaci\u00f3n Oftalmol\u00f3gica de Santander \u2013 Carlos Ardila Lulle (FOSCAL)<\/span><\/p>\n<p>&nbsp;<\/p>\n<p class=\"p1\"><span class=\"s1\">M\u00e9dico General con \u00c9nfasis en Medicina Familiar <\/span><\/p>\n<p class=\"p1\"><span class=\"s1\">Universidad de la Sabana \u2013 Ch\u00eda &#8211; Colombia<br \/>\n2008<\/span><\/p>\n<p>[\/vc_column_text][\/inwave_tab_container][inwave_tab_container title=&#8221;ESTUDIOS&#8221; icon=&#8221;fa fa-user&#8221;][vc_column_text]<\/p>\n<p class=\"p1\"><span class=\"s1\">INTERNATIONAL LANGUAGE ACADEMY OF CANADA (Toronto, Canad\u00e1)<\/span><\/p>\n<p class=\"p2\"><span class=\"s1\">Curso intensivo de Ingl\u00e9s, Junio-Noviembre 2004<\/span><\/p>\n<p>[\/vc_column_text][\/inwave_tab_container][inwave_tab_container title=&#8221;INVESTIGACIONES CL\u00cdNICAS&#8221; icon=&#8221;fa fa-trophy&#8221;][vc_column_text]<\/p>\n<p class=\"p1\"><span class=\"s1\">-Aphakic iris-claw intraocular lens pseudophakic pseudo accommodation<\/span><\/p>\n<p class=\"p1\"><span class=\"s1\">Galvis V,\u00a0Tello\u00a0A, Carre\u00f1o NI, Berrospi RD, Ni\u00f1o CA, Cuadros MO.<\/span><\/p>\n<p class=\"p1\"><span class=\"s1\">J Cataract Refract Surg. 2017<\/span><\/p>\n<p>&nbsp;<\/p>\n<p class=\"p1\"><span class=\"s1\">-Endothelial loss with Acrysof Cachet angle-supported phakic lens<\/span><\/p>\n<p class=\"p1\"><span class=\"s1\">Galvis V,\u00a0Tello\u00a0A, Carre\u00f1o NI, Berrospi RD, Ni\u00f1o CA, Cuadros MO.<\/span><\/p>\n<p class=\"p1\"><span class=\"s1\">Arch Soc Esp Oftalmol. 2017<\/span><\/p>\n<p>&nbsp;<\/p>\n<p class=\"p1\"><span class=\"s1\">-Keratoconus and Bowman layer transplantation<\/span><\/p>\n<p class=\"p1\"><span class=\"s1\">Galvis V,\u00a0Tello\u00a0A, Carre\u00f1o NI, Berrospi RD, Ni\u00f1o CA, Leiva F.<\/span><\/p>\n<p class=\"p1\"><span class=\"s1\">C\u00f3rnea. 2017<\/span><\/p>\n<p class=\"p1\"><span class=\"s1\">-Wavefront-Guided LASIK and Preoperative Higher Order Aberrations<\/span><\/p>\n<p class=\"p1\"><span class=\"s1\">Galvis V,\u00a0Tello\u00a0A, Carre\u00f1o NI, Berrospi RD, Ni\u00f1o CA.<\/span><\/p>\n<p class=\"p1\"><span class=\"s1\">J Refract Surg. 2016<\/span><\/p>\n<p>&nbsp;<\/p>\n<p class=\"p1\"><span class=\"s1\">-Risk Factors for Keratoconus: Atopy and Eye Rubbing <\/span><\/p>\n<p class=\"p1\"><span class=\"s1\">Galvis V,\u00a0Tello\u00a0A, Carre\u00f1o NI, Berrospi RD, Ni\u00f1o CA.<\/span><\/p>\n<p class=\"p1\"><span class=\"s1\">C\u00f3rnea. 2017<\/span><\/p>\n<p>&nbsp;<\/p>\n<p class=\"p1\"><span class=\"s1\">-Causal Management of Keratoconus: Controlling Inflammation<\/span><\/p>\n<p class=\"p1\"><span class=\"s1\">Galvis V,\u00a0Tello\u00a0A, Carre\u00f1o NI, Berrospi RD, Ni\u00f1o CA.<\/span><\/p>\n<p class=\"p1\"><span class=\"s1\">Invest Ophthalmol Vis Sci. 2016<\/span><\/p>\n<p>&nbsp;<\/p>\n<p class=\"p1\"><span class=\"s1\">-Lamellar Keratoplasty for Terrien Marginal Degeneration<\/span><\/p>\n<p class=\"p1\"><span class=\"s1\">Galvis V,\u00a0Tello\u00a0A, Ni\u00f1o CA, Ortiz AI, Larrea J.<\/span><\/p>\n<p class=\"p1\"><span class=\"s1\">C\u00f3rnea. 2016<\/span><\/p>\n<p>&nbsp;<\/p>\n<p class=\"p1\"><span class=\"s1\">-Small-incision lenticule extraction and corneal collagen cross linking Keratoconus<\/span><\/p>\n<p class=\"p1\"><span class=\"s1\">Galvis V,\u00a0Tello\u00a0A, Carre\u00f1o NI, Berrospi RD, Ni\u00f1o CA.<\/span><\/p>\n<p class=\"p1\"><span class=\"s1\">J Cataract Refract Surg. 2016<\/span><\/p>\n<p>&nbsp;<\/p>\n<p class=\"p1\"><span class=\"s1\">-Terrien Marginal Degeneration: Clinical Characteristics and Outcomes<\/span><\/p>\n<p class=\"p1\"><span class=\"s1\">Galvis V,\u00a0Tello\u00a0A, Ni\u00f1o CA, Larrea J.<\/span><\/p>\n<p class=\"p1\"><span class=\"s1\">Am J Ophthalmol. 2016<\/span><\/p>\n<p>&nbsp;<\/p>\n<p class=\"p1\"><span class=\"s1\">-Re: Ueno et al: Corneal thickness profile and posterior corneal astigmatism in normal corneas (Ophthalmology 2015; 122:1072-8) <\/span><\/p>\n<p class=\"p1\"><span class=\"s1\">Galvis V,\u00a0Tello\u00a0A, Ni\u00f1o CA, Parra MM.<\/span><\/p>\n<p class=\"p1\"><span class=\"s1\">Ophthalmology. 2015<\/span><\/p>\n<p>&nbsp;<\/p>\n<p class=\"p1\"><span class=\"s1\">-Total Corneal Astigmatism Measurement Precision<\/span><\/p>\n<p class=\"p1\"><span class=\"s1\">Galvis V,\u00a0Tello\u00a0A, Ni\u00f1o CA, Parra MM.<\/span><\/p>\n<p class=\"p1\"><span class=\"s1\">Invest Ophthalmol Vis Sci. 2015<\/span><\/p>\n<p>&nbsp;<\/p>\n<p class=\"p1\"><span class=\"s1\">-Causes of Explantation of Phakic intraocular Lenses<\/span><\/p>\n<p class=\"p1\"><span class=\"s1\">Galvis V,\u00a0Tello\u00a0A, Cuadros MO, Carre\u00f1o NI, Berrospi RD, Ni\u00f1o CA.<\/span><\/p>\n<p class=\"p1\"><span class=\"s1\">J Refract Surg. 2015<\/span><\/p>\n<p>&nbsp;<\/p>\n<p class=\"p1\"><span class=\"s1\">-Total corneal Astigmatism Measurement<\/span><\/p>\n<p class=\"p1\"><span class=\"s1\">Galvis V,\u00a0Tello\u00a0A, Ni\u00f1o CA, Parra MM.<\/span><\/p>\n<p class=\"p1\"><span class=\"s1\">Invest Ophthalmol Vis Sci. 2015<\/span><\/p>\n<p>&nbsp;<\/p>\n<p class=\"p1\"><span class=\"s1\">-Inflammation in Keratoconus<\/span><\/p>\n<p class=\"p1\"><span class=\"s1\">Galvis V,\u00a0Tello\u00a0A, Barrera R, Ni\u00f1o CA.<\/span><\/p>\n<p class=\"p1\"><span class=\"s1\">C\u00f3rnea. 2015<\/span><\/p>\n<p>&nbsp;<\/p>\n<p class=\"p1\"><span class=\"s1\">-Total Corneal Astigmatism and Posterior Corneal Surface<\/span><\/p>\n<p class=\"p1\"><span class=\"s1\">Galvis V,\u00a0Tello\u00a0A, Ni\u00f1o CA, Parra MM.<\/span><\/p>\n<p class=\"p1\"><span class=\"s1\">J Refract Surg. 2015<\/span><\/p>\n<p>&nbsp;<\/p>\n<p class=\"p1\"><span class=\"s1\">-Intraocular lens power calculation after photorefractive surgery: modified double K method<\/span><\/p>\n<p class=\"p1\"><span class=\"s1\">Galvis V,\u00a0Tello\u00a0A, Ni\u00f1o C, Camacho PA.<\/span><\/p>\n<p class=\"p1\"><span class=\"s1\">J Cataract Refract Surg. 2013<\/span><\/p>\n<p>&nbsp;<\/p>\n<p class=\"p1\"><span class=\"s1\">&#8211; Evaluaci\u00f3n de la concordancia y correlaci\u00f3n de la f\u00f3rmula SRK-t refractiva en el c\u00e1lculo de la ametrop\u00eda postoperatoria en pacientes operados mediante extracci\u00f3n de catarata por facoemulsificaci\u00f3n<\/span><\/p>\n<p>[\/vc_column_text][\/inwave_tab_container][inwave_tab_container title=&#8221;LOGROS OBTENIDOS&#8221; icon=&#8221;fa fa-child&#8221;][vc_column_text]<\/p>\n<p class=\"p1\"><span class=\"s1\">Aprobaci\u00f3n destacada en parte B\u00e1sica, \u00d3ptica y Refracci\u00f3n del INTERNATIONAL COUNCIL OPHTHALMOLOGY <\/span><\/p>\n<p class=\"p1\"><span class=\"s1\">Jefe de Residentes en el a\u00f1o 2011 y 2012, Hospital Universitario La Samaritana<\/span><\/p>\n<p class=\"p1\"><span class=\"s1\">Aprobaci\u00f3n del curso Internacional de Oftalmolog\u00eda FOSCAL, 2012 <\/span><\/p>\n<p>[\/vc_column_text][\/inwave_tab_container][inwave_tab_container title=&#8221;CURSOS Y CONGRESOS&#8221;][vc_row_inner][vc_column_inner][vc_column_text]<\/p>\n<p class=\"p1\"><span class=\"s1\">Congreso Europeo de la sociedad de catarata y cirug\u00eda refractiva ESCRS 2017<\/span><\/p>\n<p class=\"p1\"><span class=\"s1\">Curso Internacional de Oftalmolog\u00eda FOSCAL, 2012 <\/span><\/p>\n<p class=\"p1\"><span class=\"s1\">Congreso de la Academia Americana de Oftalmolog\u00eda, CHICAGO (2012)<\/span><\/p>\n<p class=\"p1\"><span class=\"s1\">Curso B\u00e1sico y entrenamiento en simulaci\u00f3n de cirug\u00eda de catarata con EYESI<\/span><\/p>\n<p class=\"p1\"><span class=\"s1\">Curso Avanzado y entrenamiento en simulaci\u00f3n de cirug\u00eda de catarata con EYESI <\/span><\/p>\n<p class=\"p1\"><span class=\"s1\">Segundo Curso Anual institucional, Fundaci\u00f3n oftalmol\u00f3gica nacional y sociedad de cirug\u00eda ocular, Febrero 17,18 y 19 de 2011<\/span><\/p>\n<p class=\"p1\"><span class=\"s1\">XXIV Congreso nacional e internacional de oftalmolog\u00eda, la visi\u00f3n del mundo en Colombia del 11 al 14 de Agosto de 2010, Sociedad Colombiana de Oftalmolog\u00eda<\/span><\/p>\n<p class=\"p1\"><span class=\"s1\">V congreso nacional de residentes de oftalmolog\u00eda Paipa Boyac\u00e1, Sociedad Colombiana de Oftalmolog\u00eda, Agosto 26 y 27 de 2011<\/span><\/p>\n<p class=\"p1\"><span class=\"s1\">II Jornadas Oftalmol\u00f3gicas Alfonso Trib\u00edn Ferro, Abril 2010<\/span><\/p>\n<p>[\/vc_column_text][\/vc_column_inner][\/vc_row_inner][\/inwave_tab_container][\/inwave_tabs][\/vc_column][\/vc_row]<\/p>\n","protected":false},"excerpt":{"rendered":"<p>[vc_row iw_layout=&#8221;wide-bg&#8221;][vc_column][vc_row_inner equal_height=&#8221;yes&#8221; content_placement=&#8221;middle&#8221;][vc_column_inner width=&#8221;1\/2&#8243;][inwave_heading preview_style_1=&#8221;&#8221; title=&#8221;{Dr. Camilo Andr\u00e9s Ni\u00f1o Moreno}&#8221;][vc_column_text el_class=&#8221;dg-p-doc&#8221;] MD. Oftalm\u00f3logo Supra especialista en Segmento Anterior, C\u00f3rnea y Cirug\u00eda Refractiva.[\/vc_column_text][vc_btn title=&#8221;Solicite su cita&#8221; align=&#8221;left&#8221; link=&#8221;url:https%3A%2F%2Fvirgiliogalvis.com%2Fsolicite-su-cita%2F|title:Solicite%20su%20cita||&#8221; el_class=&#8221;popmake-3281 pum-trigger&#8221;][\/vc_column_inner][vc_column_inner width=&#8221;1\/2&#8243;][vc_single_image image=&#8221;4328&#8243; img_size=&#8221;large&#8221;][\/vc_column_inner][\/vc_row_inner][inwave_tabs layout=&#8221;layout3&#8243; preview_style3=&#8221;&#8221;][inwave_tab_container title=&#8221;ESPECIALIDADES&#8221; icon=&#8221;fa fa-home&#8221;][vc_column_text] Especialista en Oftalmolog\u00eda Universidad de la Sabana-Ch\u00eda-Colombia HOSPITAL UNIVERSITARIO LA SAMARITANA &nbsp; Supra especialista en Cornea-Segmento Anterior&#8230;<\/p>\n","protected":false},"author":2,"featured_media":0,"parent":2710,"menu_order":0,"comment_status":"closed","ping_status":"closed","template":"page-templates\/full-width-page.php","meta":{"_acf_changed":false,"inline_featured_image":false,"footnotes":""},"class_list":["post-2764","page","type-page","status-publish","hentry"],"acf":[],"_links":{"self":[{"href":"https:\/\/virgiliogalvis.com\/en\/wp-json\/wp\/v2\/pages\/2764","targetHints":{"allow":["GET"]}}],"collection":[{"href":"https:\/\/virgiliogalvis.com\/en\/wp-json\/wp\/v2\/pages"}],"about":[{"href":"https:\/\/virgiliogalvis.com\/en\/wp-json\/wp\/v2\/types\/page"}],"author":[{"embeddable":true,"href":"https:\/\/virgiliogalvis.com\/en\/wp-json\/wp\/v2\/users\/2"}],"replies":[{"embeddable":true,"href":"https:\/\/virgiliogalvis.com\/en\/wp-json\/wp\/v2\/comments?post=2764"}],"version-history":[{"count":0,"href":"https:\/\/virgiliogalvis.com\/en\/wp-json\/wp\/v2\/pages\/2764\/revisions"}],"up":[{"embeddable":true,"href":"https:\/\/virgiliogalvis.com\/en\/wp-json\/wp\/v2\/pages\/2710"}],"wp:attachment":[{"href":"https:\/\/virgiliogalvis.com\/en\/wp-json\/wp\/v2\/media?parent=2764"}],"curies":[{"name":"wp","href":"https:\/\/api.w.org\/{rel}","templated":true}]}}

Dr. Camilo Andrés Niño Moreno

<p>[vc_row iw_layout=&#8221;wide-bg&#8221;][vc_column][vc_row_inner equal_height=&#8221;yes&#8221; content_placement=&#8221;middle&#8221;][vc_column_inner width=&#8221;1/2&#8243;][inwave_heading preview_style_1=&#8221;&#8221; title=&#8221;{Dr. Camilo Andrés Niño Moreno}&#8221;][vc_column_text el_class=&#8221;dg-p-doc&#8221;]</p>
<h4><span style="color: #00375f;">MD. Oftalmólogo</span></h4>
<p><span style="color: #00375f;"><span class="s1">Supra especialista en Segmento Anterior, Córnea y Cirugía Refractiva</span>.</span>[/vc_column_text][vc_btn title=&#8221;Solicite su cita&#8221; align=&#8221;left&#8221; link=&#8221;url:https%3A%2F%2Fvirgiliogalvis.com%2Fsolicite-su-cita%2F|title:Solicite%20su%20cita||&#8221; el_class=&#8221;popmake-3281 pum-trigger&#8221;][/vc_column_inner][vc_column_inner width=&#8221;1/2&#8243;][vc_single_image image=&#8221;4328&#8243; img_size=&#8221;large&#8221;][/vc_column_inner][/vc_row_inner][inwave_tabs layout=&#8221;layout3&#8243; preview_style3=&#8221;&#8221;][inwave_tab_container title=&#8221;ESPECIALIDADES&#8221; icon=&#8221;fa fa-home&#8221;][vc_column_text]</p>
<p class="p1"><span class="s1">Especialista en Oftalmología</span></p>
<p class="p1"><span class="s1">Universidad de la Sabana-Chía-Colombia</span></p>
<p class="p1"><span class="s1">HOSPITAL UNIVERSITARIO LA SAMARITANA</span></p>
<p>&nbsp;</p>
<p class="p1"><span class="s1">Supra especialista en Cornea-Segmento Anterior y Cirugía refractiva</span></p>
<p class="p1"><span class="s1">Fundación Oftalmológica de Santander – Carlos Ardila Lulle (FOSCAL)</span></p>
<p>&nbsp;</p>
<p class="p1"><span class="s1">Médico General con Énfasis en Medicina Familiar </span></p>
<p class="p1"><span class="s1">Universidad de la Sabana – Chía &#8211; Colombia<br />
2008</span></p>
<p>[/vc_column_text][/inwave_tab_container][inwave_tab_container title=&#8221;ESTUDIOS&#8221; icon=&#8221;fa fa-user&#8221;][vc_column_text]</p>
<p class="p1"><span class="s1">INTERNATIONAL LANGUAGE ACADEMY OF CANADA (Toronto, Canadá)</span></p>
<p class="p2"><span class="s1">Curso intensivo de Inglés, Junio-Noviembre 2004</span></p>
<p>[/vc_column_text][/inwave_tab_container][inwave_tab_container title=&#8221;INVESTIGACIONES CLÍNICAS&#8221; icon=&#8221;fa fa-trophy&#8221;][vc_column_text]</p>
<p class="p1"><span class="s1">-Aphakic iris-claw intraocular lens pseudophakic pseudo accommodation</span></p>
<p class="p1"><span class="s1">Galvis V, Tello A, Carreño NI, Berrospi RD, Niño CA, Cuadros MO.</span></p>
<p class="p1"><span class="s1">J Cataract Refract Surg. 2017</span></p>
<p>&nbsp;</p>
<p class="p1"><span class="s1">-Endothelial loss with Acrysof Cachet angle-supported phakic lens</span></p>
<p class="p1"><span class="s1">Galvis V, Tello A, Carreño NI, Berrospi RD, Niño CA, Cuadros MO.</span></p>
<p class="p1"><span class="s1">Arch Soc Esp Oftalmol. 2017</span></p>
<p>&nbsp;</p>
<p class="p1"><span class="s1">-Keratoconus and Bowman layer transplantation</span></p>
<p class="p1"><span class="s1">Galvis V, Tello A, Carreño NI, Berrospi RD, Niño CA, Leiva F.</span></p>
<p class="p1"><span class="s1">Córnea. 2017</span></p>
<p class="p1"><span class="s1">-Wavefront-Guided LASIK and Preoperative Higher Order Aberrations</span></p>
<p class="p1"><span class="s1">Galvis V, Tello A, Carreño NI, Berrospi RD, Niño CA.</span></p>
<p class="p1"><span class="s1">J Refract Surg. 2016</span></p>
<p>&nbsp;</p>
<p class="p1"><span class="s1">-Risk Factors for Keratoconus: Atopy and Eye Rubbing </span></p>
<p class="p1"><span class="s1">Galvis V, Tello A, Carreño NI, Berrospi RD, Niño CA.</span></p>
<p class="p1"><span class="s1">Córnea. 2017</span></p>
<p>&nbsp;</p>
<p class="p1"><span class="s1">-Causal Management of Keratoconus: Controlling Inflammation</span></p>
<p class="p1"><span class="s1">Galvis V, Tello A, Carreño NI, Berrospi RD, Niño CA.</span></p>
<p class="p1"><span class="s1">Invest Ophthalmol Vis Sci. 2016</span></p>
<p>&nbsp;</p>
<p class="p1"><span class="s1">-Lamellar Keratoplasty for Terrien Marginal Degeneration</span></p>
<p class="p1"><span class="s1">Galvis V, Tello A, Niño CA, Ortiz AI, Larrea J.</span></p>
<p class="p1"><span class="s1">Córnea. 2016</span></p>
<p>&nbsp;</p>
<p class="p1"><span class="s1">-Small-incision lenticule extraction and corneal collagen cross linking Keratoconus</span></p>
<p class="p1"><span class="s1">Galvis V, Tello A, Carreño NI, Berrospi RD, Niño CA.</span></p>
<p class="p1"><span class="s1">J Cataract Refract Surg. 2016</span></p>
<p>&nbsp;</p>
<p class="p1"><span class="s1">-Terrien Marginal Degeneration: Clinical Characteristics and Outcomes</span></p>
<p class="p1"><span class="s1">Galvis V, Tello A, Niño CA, Larrea J.</span></p>
<p class="p1"><span class="s1">Am J Ophthalmol. 2016</span></p>
<p>&nbsp;</p>
<p class="p1"><span class="s1">-Re: Ueno et al: Corneal thickness profile and posterior corneal astigmatism in normal corneas (Ophthalmology 2015; 122:1072-8) </span></p>
<p class="p1"><span class="s1">Galvis V, Tello A, Niño CA, Parra MM.</span></p>
<p class="p1"><span class="s1">Ophthalmology. 2015</span></p>
<p>&nbsp;</p>
<p class="p1"><span class="s1">-Total Corneal Astigmatism Measurement Precision</span></p>
<p class="p1"><span class="s1">Galvis V, Tello A, Niño CA, Parra MM.</span></p>
<p class="p1"><span class="s1">Invest Ophthalmol Vis Sci. 2015</span></p>
<p>&nbsp;</p>
<p class="p1"><span class="s1">-Causes of Explantation of Phakic intraocular Lenses</span></p>
<p class="p1"><span class="s1">Galvis V, Tello A, Cuadros MO, Carreño NI, Berrospi RD, Niño CA.</span></p>
<p class="p1"><span class="s1">J Refract Surg. 2015</span></p>
<p>&nbsp;</p>
<p class="p1"><span class="s1">-Total corneal Astigmatism Measurement</span></p>
<p class="p1"><span class="s1">Galvis V, Tello A, Niño CA, Parra MM.</span></p>
<p class="p1"><span class="s1">Invest Ophthalmol Vis Sci. 2015</span></p>
<p>&nbsp;</p>
<p class="p1"><span class="s1">-Inflammation in Keratoconus</span></p>
<p class="p1"><span class="s1">Galvis V, Tello A, Barrera R, Niño CA.</span></p>
<p class="p1"><span class="s1">Córnea. 2015</span></p>
<p>&nbsp;</p>
<p class="p1"><span class="s1">-Total Corneal Astigmatism and Posterior Corneal Surface</span></p>
<p class="p1"><span class="s1">Galvis V, Tello A, Niño CA, Parra MM.</span></p>
<p class="p1"><span class="s1">J Refract Surg. 2015</span></p>
<p>&nbsp;</p>
<p class="p1"><span class="s1">-Intraocular lens power calculation after photorefractive surgery: modified double K method</span></p>
<p class="p1"><span class="s1">Galvis V, Tello A, Niño C, Camacho PA.</span></p>
<p class="p1"><span class="s1">J Cataract Refract Surg. 2013</span></p>
<p>&nbsp;</p>
<p class="p1"><span class="s1">&#8211; Evaluación de la concordancia y correlación de la fórmula SRK-t refractiva en el cálculo de la ametropía postoperatoria en pacientes operados mediante extracción de catarata por facoemulsificación</span></p>
<p>[/vc_column_text][/inwave_tab_container][inwave_tab_container title=&#8221;LOGROS OBTENIDOS&#8221; icon=&#8221;fa fa-child&#8221;][vc_column_text]</p>
<p class="p1"><span class="s1">Aprobación destacada en parte Básica, Óptica y Refracción del INTERNATIONAL COUNCIL OPHTHALMOLOGY </span></p>
<p class="p1"><span class="s1">Jefe de Residentes en el año 2011 y 2012, Hospital Universitario La Samaritana</span></p>
<p class="p1"><span class="s1">Aprobación del curso Internacional de Oftalmología FOSCAL, 2012 </span></p>
<p>[/vc_column_text][/inwave_tab_container][inwave_tab_container title=&#8221;CURSOS Y CONGRESOS&#8221;][vc_row_inner][vc_column_inner][vc_column_text]</p>
<p class="p1"><span class="s1">Congreso Europeo de la sociedad de catarata y cirugía refractiva ESCRS 2017</span></p>
<p class="p1"><span class="s1">Curso Internacional de Oftalmología FOSCAL, 2012 </span></p>
<p class="p1"><span class="s1">Congreso de la Academia Americana de Oftalmología, CHICAGO (2012)</span></p>
<p class="p1"><span class="s1">Curso Básico y entrenamiento en simulación de cirugía de catarata con EYESI</span></p>
<p class="p1"><span class="s1">Curso Avanzado y entrenamiento en simulación de cirugía de catarata con EYESI </span></p>
<p class="p1"><span class="s1">Segundo Curso Anual institucional, Fundación oftalmológica nacional y sociedad de cirugía ocular, Febrero 17,18 y 19 de 2011</span></p>
<p class="p1"><span class="s1">XXIV Congreso nacional e internacional de oftalmología, la visión del mundo en Colombia del 11 al 14 de Agosto de 2010, Sociedad Colombiana de Oftalmología</span></p>
<p class="p1"><span class="s1">V congreso nacional de residentes de oftalmología Paipa Boyacá, Sociedad Colombiana de Oftalmología, Agosto 26 y 27 de 2011</span></p>
<p class="p1"><span class="s1">II Jornadas Oftalmológicas Alfonso Tribín Ferro, Abril 2010</span></p>
<p>[/vc_column_text][/vc_column_inner][/vc_row_inner][/inwave_tab_container][/inwave_tabs][/vc_column][/vc_row]</p>

<p>[vc_row iw_layout=&#8221;wide-bg&#8221;][vc_column][vc_row_inner equal_height=&#8221;yes&#8221; content_placement=&#8221;middle&#8221;][vc_column_inner width=&#8221;1/2&#8243;][inwave_heading preview_style_1=&#8221;&#8221; title=&#8221;{Dr. Camilo Andrés Niño Moreno}&#8221;][vc_column_text el_class=&#8221;dg-p-doc&#8221;] MD. Oftalmólogo Supra especialista en Segmento Anterior, Córnea y Cirugía Refractiva.[/vc_column_text][vc_btn title=&#8221;Solicite su cita&#8221; align=&#8221;left&#8221; link=&#8221;url:https%3A%2F%2Fvirgiliogalvis.com%2Fsolicite-su-cita%2F|title:Solicite%20su%20cita||&#8221; el_class=&#8221;popmake-3281 pum-trigger&#8221;][/vc_column_inner][vc_column_inner width=&#8221;1/2&#8243;][vc_single_image image=&#8221;4328&#8243; img_size=&#8221;large&#8221;][/vc_column_inner][/vc_row_inner][inwave_tabs layout=&#8221;layout3&#8243; preview_style3=&#8221;&#8221;][inwave_tab_container title=&#8221;ESPECIALIDADES&#8221; icon=&#8221;fa fa-home&#8221;][vc_column_text] Especialista en Oftalmología Universidad de la Sabana-Chía-Colombia HOSPITAL UNIVERSITARIO LA SAMARITANA &nbsp; Supra especialista en Cornea-Segmento Anterior&#8230;</p>
