{"id":43750,"date":"2025-02-20T18:16:19","date_gmt":"2025-02-20T23:16:19","guid":{"rendered":"http:\/\/www.web2025.virgiliogalvis.com\/?post_type=cmsms_doctor&#038;p=43750"},"modified":"2025-02-20T18:18:25","modified_gmt":"2025-02-20T23:18:25","slug":"yudy-milena-rangel-duarte","status":"publish","type":"cmsms_doctor","link":"https:\/\/virgiliogalvis.com\/en\/cmsms_doctor\/yudy-milena-rangel-duarte\/","title":{"rendered":"Yudy Milena Rangel Duarte"},"content":{"rendered":"\t\t<div data-elementor-type=\"wp-post\" data-elementor-id=\"43750\" class=\"elementor elementor-43750\">\n\t\t\t\t<div class=\"elementor-element elementor-element-640e3fb e-flex e-con-boxed cmsmasters-block-default e-con e-parent\" data-id=\"640e3fb\" data-element_type=\"container\" data-e-type=\"container\">\n\t\t\t\t\t<div class=\"e-con-inner\">\n\t\t<div class=\"elementor-element elementor-element-6108b63 e-con-full e-flex cmsmasters-block-default e-con e-child\" data-id=\"6108b63\" data-element_type=\"container\" data-e-type=\"container\">\n\t\t\t\t<div class=\"elementor-element elementor-element-4b6b7c6 cmsmasters-block-default cmsmasters-sticky-default elementor-widget elementor-widget-heading\" data-id=\"4b6b7c6\" data-element_type=\"widget\" data-e-type=\"widget\" data-widget_type=\"heading.default\">\n\t\t\t\t<div class=\"elementor-widget-container\">\n\t\t\t\t\t<h5 class=\"elementor-heading-title elementor-size-default\">Opt\u00f3metra\n\n\n\n\n<\/h5>\t\t\t\t<\/div>\n\t\t\t\t<\/div>\n\t\t\t\t<div class=\"elementor-element elementor-element-4be6aec cmsmasters-block-default cmsmasters-sticky-default elementor-widget elementor-widget-heading\" data-id=\"4be6aec\" data-element_type=\"widget\" data-e-type=\"widget\" data-widget_type=\"heading.default\">\n\t\t\t\t<div class=\"elementor-widget-container\">\n\t\t\t\t\t<h5 class=\"elementor-heading-title elementor-size-default\">Especialista en Segmento Anterior y Lentes de Contacto \n\n\n\n\n\n\n\n<\/h5>\t\t\t\t<\/div>\n\t\t\t\t<\/div>\n\t\t\t\t<div class=\"elementor-element elementor-element-16bba90 cmsmasters-tabs-type-vertical cmsmasters-list-item-alignment-left cmsmasters-icon-position-left cmsmasters-tabs-position-start cmsmasters-tabs-responsive-mobile cmsmasters-type-responsive-accordion cmsmasters-accordion-icon-position-right cmsmasters-accordion-icon-view-default cmsmasters-icon-view-default cmsmasters-pointer-none cmsmasters-block-default cmsmasters-sticky-default elementor-widget elementor-widget-cmsmasters-tabs cmsmasters-widget-tabs\" data-id=\"16bba90\" data-element_type=\"widget\" data-e-type=\"widget\" data-settings=\"{&quot;tabs&quot;:[{&quot;tab_title&quot;:&quot;ESTUDIOS&quot;,&quot;tab_content&quot;:&quot;&lt;p&gt;Opt\\u00f3metra de la Universidad Santo Tom\\u00e1s 2003, Floridablanca \\u2013 Colombia&lt;\\\/p&gt;&lt;p&gt;Especialista en Segmento Anterior y Lentes de Contacto, 2017 Universidad Santo Tom\\u00e1s de Floridablanca \\u2013 Colombia.&lt;\\\/p&gt;&lt;p&gt;Especialista en direccionamiento de Organizaciones Prestadoras de salud, Universidad de Santander UDES 2019 \\u2013 Bucaramanga \\u2013 Colombia&lt;\\\/p&gt;&lt;p&gt;Diplomado en Alta Gerencia 2004 \\u2013 SENA&lt;\\\/p&gt;&quot;,&quot;_id&quot;:&quot;d6ad7a9&quot;,&quot;content_type&quot;:&quot;tab-content&quot;,&quot;saved_section&quot;:null,&quot;tab_subtitle&quot;:&quot;&quot;,&quot;tab_icon&quot;:{&quot;value&quot;:&quot;&quot;,&quot;library&quot;:&quot;&quot;},&quot;tab_custom_id&quot;:&quot;&quot;},{&quot;_id&quot;:&quot;d252ca3&quot;,&quot;tab_content&quot;:&quot;&lt;ul&gt;&lt;li&gt;Primer Congreso Interamericano de optometr\\u00eda y XVII Congreso de optometr\\u00eda . 2018, Orlando \\u2013 Florida \\u2013 USA.&lt;\\\/li&gt;&lt;li&gt;Congreso Internacional de Oftalmolog\\u00eda -2016\\\/2017 \\u2013\\u00a0 Instructor de Ex\\u00e1menes diagn\\u00f3sticos y equipos oftalmol\\u00f3gicos, Centro Oftalmol\\u00f3gico Virgilio Galvis, Floridablanca, Santander.&lt;\\\/li&gt;&lt;li&gt;Curso en Salud Ocupacional, SENA 2004, Bucaramanga \\u2013 Colombia&lt;\\\/li&gt;&lt;li&gt;IV Seminario Nacional de Estudiantes y III de Docentes de Optometr\\u00eda 2019 Bucaramanga \\u2013 Colombia.&lt;\\\/li&gt;&lt;li&gt;VII Seminario Internacional Ciencias de la Visi\\u00f3n y XXVI Simposio de Optometr\\u00eda 2019, Bogot\\u00e1 \\u2013 Colombia.&lt;\\\/li&gt;&lt;\\\/ul&gt;&quot;,&quot;tab_title&quot;:&quot;CURSOS Y CONGRESOS&quot;,&quot;content_type&quot;:&quot;tab-content&quot;,&quot;saved_section&quot;:null,&quot;tab_subtitle&quot;:&quot;&quot;,&quot;tab_icon&quot;:{&quot;value&quot;:&quot;&quot;,&quot;library&quot;:&quot;&quot;},&quot;tab_custom_id&quot;:&quot;&quot;}],&quot;tabs_type&quot;:&quot;vertical&quot;,&quot;default_tab&quot;:1,&quot;tabs_responsive&quot;:&quot;mobile&quot;,&quot;tabs_responsive_type&quot;:&quot;accordion&quot;,&quot;tabs_responsive_choose&quot;:&quot;accordion&quot;}\" data-widget_type=\"cmsmasters-tabs.default\">\n\t\t\t\t<div class=\"elementor-widget-container\">\n\t\t\t\t\t<div class=\"cmsmasters-tabs\" role=\"tablist\"><div class=\"cmsmasters-tabs-list-wrapper\">\n\t\t\t<ul class=\"cmsmasters-tabs-list\"><li id=\"cmsmasters-tabs-list-item_2381\" class=\"cmsmasters-tabs-list-item cmsmasters-animation\" data-tab=\"1\"><a href=\"\" class=\"cmsmasters-tab-title\">\n\t\t\t\t\t\t\t<div class=\"cmsmasters-tab-title__text-wrap-outer\"><div class=\"cmsmasters-tab-title__text-wrap\"><h6 class=\"cmsmasters-tab-title__text \">ESTUDIOS<\/h6><\/div><\/div><\/a><\/li><li id=\"cmsmasters-tabs-list-item_2382\" class=\"cmsmasters-tabs-list-item cmsmasters-animation\" data-tab=\"2\"><a href=\"\" class=\"cmsmasters-tab-title\">\n\t\t\t\t\t\t\t<div class=\"cmsmasters-tab-title__text-wrap-outer\"><div class=\"cmsmasters-tab-title__text-wrap\"><h6 class=\"cmsmasters-tab-title__text \">CURSOS Y CONGRESOS<\/h6><\/div><\/div><\/a><\/li><\/ul>\n\t\t<\/div><div class=\"cmsmasters-tabs-wrap\"><div class=\"cmsmasters-accordion-item-wrap\"><div id=\"cmsmasters-accordion-item-2381\" class=\"cmsmasters-tabs-list-item cmsmasters-accordion-item cmsmasters-animation\" data-tab=\"1\"><a href=\"\" class=\"cmsmasters-tab-title\"><span class=\"cmsmasters-tab-icon cmsmasters-accordion-closed fas fa-plus icon-align-right\"><\/span><span class=\"cmsmasters-tab-icon cmsmasters-accordion-opened fas fa-minus icon-align-right\"><\/span><div class=\"cmsmasters-tab-title__text-wrap-outer\"><div class=\"cmsmasters-tab-title__text-wrap\"><div class=\"cmsmasters-tab-title__text \">ESTUDIOS<\/div><\/div><\/div><\/a><\/div><div id=\"cmsmasters-tab-content_2381\" class=\"cmsmasters-tab\" data-tab=\"1\"><p>Opt\u00f3metra de la Universidad Santo Tom\u00e1s 2003, Floridablanca \u2013 Colombia<\/p><p>Especialista en Segmento Anterior y Lentes de Contacto, 2017 Universidad Santo Tom\u00e1s de Floridablanca \u2013 Colombia.<\/p><p>Especialista en direccionamiento de Organizaciones Prestadoras de salud, Universidad de Santander UDES 2019 \u2013 Bucaramanga \u2013 Colombia<\/p><p>Diplomado en Alta Gerencia 2004 \u2013 SENA<\/p><\/div><\/div><div class=\"cmsmasters-accordion-item-wrap\"><div id=\"cmsmasters-accordion-item-2382\" class=\"cmsmasters-tabs-list-item cmsmasters-accordion-item cmsmasters-animation\" data-tab=\"2\"><a href=\"\" class=\"cmsmasters-tab-title\"><span class=\"cmsmasters-tab-icon cmsmasters-accordion-closed fas fa-plus icon-align-right\"><\/span><span class=\"cmsmasters-tab-icon cmsmasters-accordion-opened fas fa-minus icon-align-right\"><\/span><div class=\"cmsmasters-tab-title__text-wrap-outer\"><div class=\"cmsmasters-tab-title__text-wrap\"><div class=\"cmsmasters-tab-title__text \">CURSOS Y CONGRESOS<\/div><\/div><\/div><\/a><\/div><div id=\"cmsmasters-tab-content_2382\" class=\"cmsmasters-tab\" data-tab=\"2\"><ul><li>Primer Congreso Interamericano de optometr\u00eda y XVII Congreso de optometr\u00eda . 2018, Orlando \u2013 Florida \u2013 USA.<\/li><li>Congreso Internacional de Oftalmolog\u00eda -2016\/2017 \u2013\u00a0 Instructor de Ex\u00e1menes diagn\u00f3sticos y equipos oftalmol\u00f3gicos, Centro Oftalmol\u00f3gico Virgilio Galvis, Floridablanca, Santander.<\/li><li>Curso en Salud Ocupacional, SENA 2004, Bucaramanga \u2013 Colombia<\/li><li>IV Seminario Nacional de Estudiantes y III de Docentes de Optometr\u00eda 2019 Bucaramanga \u2013 Colombia.<\/li><li>VII Seminario Internacional Ciencias de la Visi\u00f3n y XXVI Simposio de Optometr\u00eda 2019, Bogot\u00e1 \u2013 Colombia.<\/li><\/ul><\/div><\/div><\/div><\/div>\t\t\t\t<\/div>\n\t\t\t\t<\/div>\n\t\t\t\t<\/div>\n\t\t\t\t\t<\/div>\n\t\t\t\t<\/div>\n\t\t\t\t<\/div>\n\t\t","protected":false},"excerpt":{"rendered":"<p>Optometrist specializing in the Anterior Segment and Contact Lenses. STUDIES, COURSES, AND CONGRESSES. STUDIES: Optometrist, Santo Tom\u00e1s University, 2003, Floridablanca, Colombia. Specialist in the Anterior Segment and Contact Lenses, 2017, Santo Tom\u00e1s University of Floridablanca, Colombia. Specialist in the Management of Healthcare Provider Organizations, University of Santander (UDES), 2019, Bucaramanga\u2026<\/p>","protected":false},"featured_media":0,"menu_order":0,"comment_status":"open","ping_status":"closed","template":"","meta":{"_acf_changed":false,"inline_featured_image":false,"footnotes":""},"cmsms_doctor_services":[76],"class_list":["post-43750","cmsms_doctor","type-cmsms_doctor","status-publish","hentry","cmsms_doctor_services-optometra"],"acf":[],"_links":{"self":[{"href":"https:\/\/virgiliogalvis.com\/en\/wp-json\/wp\/v2\/cmsms_doctor\/43750","targetHints":{"allow":["GET"]}}],"collection":[{"href":"https:\/\/virgiliogalvis.com\/en\/wp-json\/wp\/v2\/cmsms_doctor"}],"about":[{"href":"https:\/\/virgiliogalvis.com\/en\/wp-json\/wp\/v2\/types\/cmsms_doctor"}],"replies":[{"embeddable":true,"href":"https:\/\/virgiliogalvis.com\/en\/wp-json\/wp\/v2\/comments?post=43750"}],"version-history":[{"count":4,"href":"https:\/\/virgiliogalvis.com\/en\/wp-json\/wp\/v2\/cmsms_doctor\/43750\/revisions"}],"predecessor-version":[{"id":43754,"href":"https:\/\/virgiliogalvis.com\/en\/wp-json\/wp\/v2\/cmsms_doctor\/43750\/revisions\/43754"}],"wp:attachment":[{"href":"https:\/\/virgiliogalvis.com\/en\/wp-json\/wp\/v2\/media?parent=43750"}],"wp:term":[{"taxonomy":"cmsms_doctor_services","embeddable":true,"href":"https:\/\/virgiliogalvis.com\/en\/wp-json\/wp\/v2\/cmsms_doctor_services?post=43750"}],"curies":[{"name":"wp","href":"https:\/\/api.w.org\/{rel}","templated":true}]}}

<div data-elementor-type="wp-post" data-elementor-id="43750" class="elementor elementor-43750">
				<div class="elementor-element elementor-element-640e3fb e-flex e-con-boxed cmsmasters-block-default e-con e-parent" data-id="640e3fb" data-element_type="container" data-e-type="container">
					<div class="e-con-inner">
		<div class="elementor-element elementor-element-6108b63 e-con-full e-flex cmsmasters-block-default e-con e-child" data-id="6108b63" data-element_type="container" data-e-type="container">
				<div class="elementor-element elementor-element-4b6b7c6 cmsmasters-block-default cmsmasters-sticky-default elementor-widget elementor-widget-heading" data-id="4b6b7c6" data-element_type="widget" data-e-type="widget" data-widget_type="heading.default">
				<div class="elementor-widget-container">
					<h5 class="elementor-heading-title elementor-size-default">Optómetra




</h5>				</div>
				</div>
				<div class="elementor-element elementor-element-4be6aec cmsmasters-block-default cmsmasters-sticky-default elementor-widget elementor-widget-heading" data-id="4be6aec" data-element_type="widget" data-e-type="widget" data-widget_type="heading.default">
				<div class="elementor-widget-container">
					<h5 class="elementor-heading-title elementor-size-default">Especialista en Segmento Anterior y Lentes de Contacto 







</h5>				</div>
				</div>
				<div class="elementor-element elementor-element-16bba90 cmsmasters-tabs-type-vertical cmsmasters-list-item-alignment-left cmsmasters-icon-position-left cmsmasters-tabs-position-start cmsmasters-tabs-responsive-mobile cmsmasters-type-responsive-accordion cmsmasters-accordion-icon-position-right cmsmasters-accordion-icon-view-default cmsmasters-icon-view-default cmsmasters-pointer-none cmsmasters-block-default cmsmasters-sticky-default elementor-widget elementor-widget-cmsmasters-tabs cmsmasters-widget-tabs" data-id="16bba90" data-element_type="widget" data-e-type="widget" data-settings="{&quot;tabs&quot;:[{&quot;tab_title&quot;:&quot;ESTUDIOS&quot;,&quot;tab_content&quot;:&quot;&lt;p&gt;Opt\u00f3metra de la Universidad Santo Tom\u00e1s 2003, Floridablanca \u2013 Colombia&lt;\/p&gt;&lt;p&gt;Especialista en Segmento Anterior y Lentes de Contacto, 2017 Universidad Santo Tom\u00e1s de Floridablanca \u2013 Colombia.&lt;\/p&gt;&lt;p&gt;Especialista en direccionamiento de Organizaciones Prestadoras de salud, Universidad de Santander UDES 2019 \u2013 Bucaramanga \u2013 Colombia&lt;\/p&gt;&lt;p&gt;Diplomado en Alta Gerencia 2004 \u2013 SENA&lt;\/p&gt;&quot;,&quot;_id&quot;:&quot;d6ad7a9&quot;,&quot;content_type&quot;:&quot;tab-content&quot;,&quot;saved_section&quot;:null,&quot;tab_subtitle&quot;:&quot;&quot;,&quot;tab_icon&quot;:{&quot;value&quot;:&quot;&quot;,&quot;library&quot;:&quot;&quot;},&quot;tab_custom_id&quot;:&quot;&quot;},{&quot;_id&quot;:&quot;d252ca3&quot;,&quot;tab_content&quot;:&quot;&lt;ul&gt;&lt;li&gt;Primer Congreso Interamericano de optometr\u00eda y XVII Congreso de optometr\u00eda . 2018, Orlando \u2013 Florida \u2013 USA.&lt;\/li&gt;&lt;li&gt;Congreso Internacional de Oftalmolog\u00eda -2016\/2017 \u2013\u00a0 Instructor de Ex\u00e1menes diagn\u00f3sticos y equipos oftalmol\u00f3gicos, Centro Oftalmol\u00f3gico Virgilio Galvis, Floridablanca, Santander.&lt;\/li&gt;&lt;li&gt;Curso en Salud Ocupacional, SENA 2004, Bucaramanga \u2013 Colombia&lt;\/li&gt;&lt;li&gt;IV Seminario Nacional de Estudiantes y III de Docentes de Optometr\u00eda 2019 Bucaramanga \u2013 Colombia.&lt;\/li&gt;&lt;li&gt;VII Seminario Internacional Ciencias de la Visi\u00f3n y XXVI Simposio de Optometr\u00eda 2019, Bogot\u00e1 \u2013 Colombia.&lt;\/li&gt;&lt;\/ul&gt;&quot;,&quot;tab_title&quot;:&quot;CURSOS Y CONGRESOS&quot;,&quot;content_type&quot;:&quot;tab-content&quot;,&quot;saved_section&quot;:null,&quot;tab_subtitle&quot;:&quot;&quot;,&quot;tab_icon&quot;:{&quot;value&quot;:&quot;&quot;,&quot;library&quot;:&quot;&quot;},&quot;tab_custom_id&quot;:&quot;&quot;}],&quot;tabs_type&quot;:&quot;vertical&quot;,&quot;default_tab&quot;:1,&quot;tabs_responsive&quot;:&quot;mobile&quot;,&quot;tabs_responsive_type&quot;:&quot;accordion&quot;,&quot;tabs_responsive_choose&quot;:&quot;accordion&quot;}" data-widget_type="cmsmasters-tabs.default">
				<div class="elementor-widget-container">
					<div class="cmsmasters-tabs" role="tablist"><div class="cmsmasters-tabs-list-wrapper">
			<ul class="cmsmasters-tabs-list"><li id="cmsmasters-tabs-list-item_2381" class="cmsmasters-tabs-list-item cmsmasters-animation" data-tab="1"><a href="" class="cmsmasters-tab-title">
							<div class="cmsmasters-tab-title__text-wrap-outer"><div class="cmsmasters-tab-title__text-wrap"><h6 class="cmsmasters-tab-title__text ">ESTUDIOS</h6></div></div></a></li><li id="cmsmasters-tabs-list-item_2382" class="cmsmasters-tabs-list-item cmsmasters-animation" data-tab="2"><a href="" class="cmsmasters-tab-title">
							<div class="cmsmasters-tab-title__text-wrap-outer"><div class="cmsmasters-tab-title__text-wrap"><h6 class="cmsmasters-tab-title__text ">CURSOS Y CONGRESOS</h6></div></div></a></li></ul>
		</div><div class="cmsmasters-tabs-wrap"><div class="cmsmasters-accordion-item-wrap"><div id="cmsmasters-accordion-item-2381" class="cmsmasters-tabs-list-item cmsmasters-accordion-item cmsmasters-animation" data-tab="1"><a href="" class="cmsmasters-tab-title"><span class="cmsmasters-tab-icon cmsmasters-accordion-closed fas fa-plus icon-align-right"></span><span class="cmsmasters-tab-icon cmsmasters-accordion-opened fas fa-minus icon-align-right"></span><div class="cmsmasters-tab-title__text-wrap-outer"><div class="cmsmasters-tab-title__text-wrap"><div class="cmsmasters-tab-title__text ">ESTUDIOS</div></div></div></a></div><div id="cmsmasters-tab-content_2381" class="cmsmasters-tab" data-tab="1"><p>Optómetra de la Universidad Santo Tomás 2003, Floridablanca – Colombia</p><p>Especialista en Segmento Anterior y Lentes de Contacto, 2017 Universidad Santo Tomás de Floridablanca – Colombia.</p><p>Especialista en direccionamiento de Organizaciones Prestadoras de salud, Universidad de Santander UDES 2019 – Bucaramanga – Colombia</p><p>Diplomado en Alta Gerencia 2004 – SENA</p></div></div><div class="cmsmasters-accordion-item-wrap"><div id="cmsmasters-accordion-item-2382" class="cmsmasters-tabs-list-item cmsmasters-accordion-item cmsmasters-animation" data-tab="2"><a href="" class="cmsmasters-tab-title"><span class="cmsmasters-tab-icon cmsmasters-accordion-closed fas fa-plus icon-align-right"></span><span class="cmsmasters-tab-icon cmsmasters-accordion-opened fas fa-minus icon-align-right"></span><div class="cmsmasters-tab-title__text-wrap-outer"><div class="cmsmasters-tab-title__text-wrap"><div class="cmsmasters-tab-title__text ">CURSOS Y CONGRESOS</div></div></div></a></div><div id="cmsmasters-tab-content_2382" class="cmsmasters-tab" data-tab="2"><ul><li>Primer Congreso Interamericano de optometría y XVII Congreso de optometría . 2018, Orlando – Florida – USA.</li><li>Congreso Internacional de Oftalmología -2016/2017 –  Instructor de Exámenes diagnósticos y equipos oftalmológicos, Centro Oftalmológico Virgilio Galvis, Floridablanca, Santander.</li><li>Curso en Salud Ocupacional, SENA 2004, Bucaramanga – Colombia</li><li>IV Seminario Nacional de Estudiantes y III de Docentes de Optometría 2019 Bucaramanga – Colombia.</li><li>VII Seminario Internacional Ciencias de la Visión y XXVI Simposio de Optometría 2019, Bogotá – Colombia.</li></ul></div></div></div></div>				</div>
				</div>
				</div>
					</div>
				</div>
				</div>

<p>Optometrist specializing in the Anterior Segment and Contact Lenses. STUDIES, COURSES, AND CONGRESSES. STUDIES: Optometrist, Santo Tomás University, 2003, Floridablanca, Colombia. Specialist in the Anterior Segment and Contact Lenses, 2017, Santo Tomás University of Floridablanca, Colombia. Specialist in the Management of Healthcare Provider Organizations, University of Santander (UDES), 2019, Bucaramanga…</p>
