{"id":43726,"date":"2025-02-20T18:02:36","date_gmt":"2025-02-20T23:02:36","guid":{"rendered":"http:\/\/www.web2025.virgiliogalvis.com\/?post_type=cmsms_doctor&#038;p=43726"},"modified":"2025-02-20T18:03:46","modified_gmt":"2025-02-20T23:03:46","slug":"beatriz-eugenia-tibaduiza-vargas","status":"publish","type":"cmsms_doctor","link":"https:\/\/virgiliogalvis.com\/en\/cmsms_doctor\/beatriz-eugenia-tibaduiza-vargas\/","title":{"rendered":"Beatriz Eugenia Tibaduiza Vargas"},"content":{"rendered":"\t\t<div data-elementor-type=\"wp-post\" data-elementor-id=\"43726\" class=\"elementor elementor-43726\">\n\t\t\t\t<div class=\"elementor-element elementor-element-aee584d e-flex e-con-boxed cmsmasters-block-default e-con e-parent\" data-id=\"aee584d\" data-element_type=\"container\" data-e-type=\"container\">\n\t\t\t\t\t<div class=\"e-con-inner\">\n\t\t<div class=\"elementor-element elementor-element-7a1f5d5 e-con-full e-flex cmsmasters-block-default e-con e-child\" data-id=\"7a1f5d5\" data-element_type=\"container\" data-e-type=\"container\">\n\t\t\t\t<div class=\"elementor-element elementor-element-7b9d172 cmsmasters-block-default cmsmasters-sticky-default elementor-widget elementor-widget-heading\" data-id=\"7b9d172\" data-element_type=\"widget\" data-e-type=\"widget\" data-widget_type=\"heading.default\">\n\t\t\t\t<div class=\"elementor-widget-container\">\n\t\t\t\t\t<h5 class=\"elementor-heading-title elementor-size-default\">Opt\u00f3metra \u2013 Universidad Santo Tom\u00e1s de Aquino 2006\n\n\n\n\n\n<\/h5>\t\t\t\t<\/div>\n\t\t\t\t<\/div>\n\t\t\t\t<div class=\"elementor-element elementor-element-ae7e764 cmsmasters-tabs-type-vertical cmsmasters-list-item-alignment-left cmsmasters-icon-position-left cmsmasters-tabs-position-start cmsmasters-tabs-responsive-mobile cmsmasters-type-responsive-accordion cmsmasters-accordion-icon-position-right cmsmasters-accordion-icon-view-default cmsmasters-icon-view-default cmsmasters-pointer-none cmsmasters-block-default cmsmasters-sticky-default elementor-widget elementor-widget-cmsmasters-tabs cmsmasters-widget-tabs\" data-id=\"ae7e764\" data-element_type=\"widget\" data-e-type=\"widget\" data-settings=\"{&quot;tabs&quot;:[{&quot;tab_title&quot;:&quot;ESTUDIOS&quot;,&quot;tab_content&quot;:&quot;&lt;ul&gt;&lt;li class=\\&quot;p1\\&quot;&gt;&lt;span class=\\&quot;s1\\&quot;&gt;II Seminario de docentes y III nacional de estudiantes Facultad Optometr\\u00eda Universidad Santo Tom\\u00e1s 2002&lt;\\\/span&gt;&lt;\\\/li&gt;&lt;li class=\\&quot;p1\\&quot;&gt;&lt;span class=\\&quot;s1\\&quot;&gt;XVI Congreso Mundial de Optometr\\u00eda y \\u00f3ptica XVII Congreso Latinoamericano de Optometria y optica Cartagena 2004&lt;\\\/span&gt;&lt;\\\/li&gt;&lt;li class=\\&quot;p1\\&quot;&gt;&lt;span class=\\&quot;s1\\&quot;&gt;III Seminario nacional de docentes y IV nacional de estudiantes Facultad Optometr\\u00eda Universidad Santo Tom\\u00e1s 2005&lt;\\\/span&gt;&lt;\\\/li&gt;&lt;li class=\\&quot;p1\\&quot;&gt;&lt;span class=\\&quot;s1\\&quot;&gt;V Congreso Optometr\\u00eda Fedopto Seccional Antioquia 2007&lt;\\\/span&gt;&lt;\\\/li&gt;&lt;li class=\\&quot;p1\\&quot;&gt;&lt;span class=\\&quot;s1\\&quot;&gt;Jornada de Actualizaci\\u00f3n en Oftalmolog\\u00eda Modulo Ojo seco alergias y conjuntivitis Medell\\u00edn 2008&lt;\\\/span&gt;&lt;\\\/li&gt;&lt;li class=\\&quot;p1\\&quot;&gt;&lt;span class=\\&quot;s1\\&quot;&gt;Curso Excelencia en Lentes de Contacto Blandos The Vision Care Institute Bogot\\u00e1 2009&lt;\\\/span&gt;&lt;\\\/li&gt;&lt;li class=\\&quot;p1\\&quot;&gt;&lt;span class=\\&quot;s1\\&quot;&gt;VI Congreso Optometr\\u00eda Fedopto Seccional Antioquia 2009&lt;\\\/span&gt;&lt;\\\/li&gt;&lt;\\\/ul&gt;&quot;,&quot;_id&quot;:&quot;d6ad7a9&quot;,&quot;content_type&quot;:&quot;tab-content&quot;,&quot;saved_section&quot;:null,&quot;tab_subtitle&quot;:&quot;&quot;,&quot;tab_icon&quot;:{&quot;value&quot;:&quot;&quot;,&quot;library&quot;:&quot;&quot;},&quot;tab_custom_id&quot;:&quot;&quot;}],&quot;tabs_type&quot;:&quot;vertical&quot;,&quot;default_tab&quot;:1,&quot;tabs_responsive&quot;:&quot;mobile&quot;,&quot;tabs_responsive_type&quot;:&quot;accordion&quot;,&quot;tabs_responsive_choose&quot;:&quot;accordion&quot;}\" data-widget_type=\"cmsmasters-tabs.default\">\n\t\t\t\t<div class=\"elementor-widget-container\">\n\t\t\t\t\t<div class=\"cmsmasters-tabs\" role=\"tablist\"><div class=\"cmsmasters-tabs-list-wrapper\">\n\t\t\t<ul class=\"cmsmasters-tabs-list\"><li id=\"cmsmasters-tabs-list-item_1821\" class=\"cmsmasters-tabs-list-item cmsmasters-animation\" data-tab=\"1\"><a href=\"\" class=\"cmsmasters-tab-title\">\n\t\t\t\t\t\t\t<div class=\"cmsmasters-tab-title__text-wrap-outer\"><div class=\"cmsmasters-tab-title__text-wrap\"><h6 class=\"cmsmasters-tab-title__text \">ESTUDIOS<\/h6><\/div><\/div><\/a><\/li><\/ul>\n\t\t<\/div><div class=\"cmsmasters-tabs-wrap\"><div class=\"cmsmasters-accordion-item-wrap\"><div id=\"cmsmasters-accordion-item-1821\" class=\"cmsmasters-tabs-list-item cmsmasters-accordion-item cmsmasters-animation\" data-tab=\"1\"><a href=\"\" class=\"cmsmasters-tab-title\"><span class=\"cmsmasters-tab-icon cmsmasters-accordion-closed fas fa-plus icon-align-right\"><\/span><span class=\"cmsmasters-tab-icon cmsmasters-accordion-opened fas fa-minus icon-align-right\"><\/span><div class=\"cmsmasters-tab-title__text-wrap-outer\"><div class=\"cmsmasters-tab-title__text-wrap\"><div class=\"cmsmasters-tab-title__text \">ESTUDIOS<\/div><\/div><\/div><\/a><\/div><div id=\"cmsmasters-tab-content_1821\" class=\"cmsmasters-tab\" data-tab=\"1\"><ul><li class=\"p1\"><span class=\"s1\">II Seminario de docentes y III nacional de estudiantes Facultad Optometr\u00eda Universidad Santo Tom\u00e1s 2002<\/span><\/li><li class=\"p1\"><span class=\"s1\">XVI Congreso Mundial de Optometr\u00eda y \u00f3ptica XVII Congreso Latinoamericano de Optometria y optica Cartagena 2004<\/span><\/li><li class=\"p1\"><span class=\"s1\">III Seminario nacional de docentes y IV nacional de estudiantes Facultad Optometr\u00eda Universidad Santo Tom\u00e1s 2005<\/span><\/li><li class=\"p1\"><span class=\"s1\">V Congreso Optometr\u00eda Fedopto Seccional Antioquia 2007<\/span><\/li><li class=\"p1\"><span class=\"s1\">Jornada de Actualizaci\u00f3n en Oftalmolog\u00eda Modulo Ojo seco alergias y conjuntivitis Medell\u00edn 2008<\/span><\/li><li class=\"p1\"><span class=\"s1\">Curso Excelencia en Lentes de Contacto Blandos The Vision Care Institute Bogot\u00e1 2009<\/span><\/li><li class=\"p1\"><span class=\"s1\">VI Congreso Optometr\u00eda Fedopto Seccional Antioquia 2009<\/span><\/li><\/ul><\/div><\/div><\/div><\/div>\t\t\t\t<\/div>\n\t\t\t\t<\/div>\n\t\t\t\t<\/div>\n\t\t\t\t\t<\/div>\n\t\t\t\t<\/div>\n\t\t\t\t<\/div>\n\t\t","protected":false},"excerpt":{"rendered":"<p>Optometrist \u2013 Santo Tom\u00e1s de Aquino University 2006 STUDIES II Seminar for teachers and III National Seminar for students Faculty of Optometry Santo Tom\u00e1s University 2002 XVI World Congress of Optometry and Optics XVII Latin American Congress of Optometry and Optics Cartagena 2004 III National Seminar for teachers and IV National Seminar for students Faculty of Optometry Santo Tom\u00e1s University\u2026<\/p>","protected":false},"featured_media":43727,"menu_order":0,"comment_status":"open","ping_status":"closed","template":"","meta":{"_acf_changed":false,"inline_featured_image":false,"footnotes":""},"cmsms_doctor_services":[76],"class_list":["post-43726","cmsms_doctor","type-cmsms_doctor","status-publish","has-post-thumbnail","hentry","cmsms_doctor_services-optometra"],"acf":[],"_links":{"self":[{"href":"https:\/\/virgiliogalvis.com\/en\/wp-json\/wp\/v2\/cmsms_doctor\/43726","targetHints":{"allow":["GET"]}}],"collection":[{"href":"https:\/\/virgiliogalvis.com\/en\/wp-json\/wp\/v2\/cmsms_doctor"}],"about":[{"href":"https:\/\/virgiliogalvis.com\/en\/wp-json\/wp\/v2\/types\/cmsms_doctor"}],"replies":[{"embeddable":true,"href":"https:\/\/virgiliogalvis.com\/en\/wp-json\/wp\/v2\/comments?post=43726"}],"version-history":[{"count":4,"href":"https:\/\/virgiliogalvis.com\/en\/wp-json\/wp\/v2\/cmsms_doctor\/43726\/revisions"}],"predecessor-version":[{"id":43731,"href":"https:\/\/virgiliogalvis.com\/en\/wp-json\/wp\/v2\/cmsms_doctor\/43726\/revisions\/43731"}],"wp:featuredmedia":[{"embeddable":true,"href":"https:\/\/virgiliogalvis.com\/en\/wp-json\/wp\/v2\/media\/43727"}],"wp:attachment":[{"href":"https:\/\/virgiliogalvis.com\/en\/wp-json\/wp\/v2\/media?parent=43726"}],"wp:term":[{"taxonomy":"cmsms_doctor_services","embeddable":true,"href":"https:\/\/virgiliogalvis.com\/en\/wp-json\/wp\/v2\/cmsms_doctor_services?post=43726"}],"curies":[{"name":"wp","href":"https:\/\/api.w.org\/{rel}","templated":true}]}}

<div data-elementor-type="wp-post" data-elementor-id="43726" class="elementor elementor-43726">
				<div class="elementor-element elementor-element-aee584d e-flex e-con-boxed cmsmasters-block-default e-con e-parent" data-id="aee584d" data-element_type="container" data-e-type="container">
					<div class="e-con-inner">
		<div class="elementor-element elementor-element-7a1f5d5 e-con-full e-flex cmsmasters-block-default e-con e-child" data-id="7a1f5d5" data-element_type="container" data-e-type="container">
				<div class="elementor-element elementor-element-7b9d172 cmsmasters-block-default cmsmasters-sticky-default elementor-widget elementor-widget-heading" data-id="7b9d172" data-element_type="widget" data-e-type="widget" data-widget_type="heading.default">
				<div class="elementor-widget-container">
					<h5 class="elementor-heading-title elementor-size-default">Optómetra – Universidad Santo Tomás de Aquino 2006





</h5>				</div>
				</div>
				<div class="elementor-element elementor-element-ae7e764 cmsmasters-tabs-type-vertical cmsmasters-list-item-alignment-left cmsmasters-icon-position-left cmsmasters-tabs-position-start cmsmasters-tabs-responsive-mobile cmsmasters-type-responsive-accordion cmsmasters-accordion-icon-position-right cmsmasters-accordion-icon-view-default cmsmasters-icon-view-default cmsmasters-pointer-none cmsmasters-block-default cmsmasters-sticky-default elementor-widget elementor-widget-cmsmasters-tabs cmsmasters-widget-tabs" data-id="ae7e764" data-element_type="widget" data-e-type="widget" data-settings="{&quot;tabs&quot;:[{&quot;tab_title&quot;:&quot;ESTUDIOS&quot;,&quot;tab_content&quot;:&quot;&lt;ul&gt;&lt;li class=\&quot;p1\&quot;&gt;&lt;span class=\&quot;s1\&quot;&gt;II Seminario de docentes y III nacional de estudiantes Facultad Optometr\u00eda Universidad Santo Tom\u00e1s 2002&lt;\/span&gt;&lt;\/li&gt;&lt;li class=\&quot;p1\&quot;&gt;&lt;span class=\&quot;s1\&quot;&gt;XVI Congreso Mundial de Optometr\u00eda y \u00f3ptica XVII Congreso Latinoamericano de Optometria y optica Cartagena 2004&lt;\/span&gt;&lt;\/li&gt;&lt;li class=\&quot;p1\&quot;&gt;&lt;span class=\&quot;s1\&quot;&gt;III Seminario nacional de docentes y IV nacional de estudiantes Facultad Optometr\u00eda Universidad Santo Tom\u00e1s 2005&lt;\/span&gt;&lt;\/li&gt;&lt;li class=\&quot;p1\&quot;&gt;&lt;span class=\&quot;s1\&quot;&gt;V Congreso Optometr\u00eda Fedopto Seccional Antioquia 2007&lt;\/span&gt;&lt;\/li&gt;&lt;li class=\&quot;p1\&quot;&gt;&lt;span class=\&quot;s1\&quot;&gt;Jornada de Actualizaci\u00f3n en Oftalmolog\u00eda Modulo Ojo seco alergias y conjuntivitis Medell\u00edn 2008&lt;\/span&gt;&lt;\/li&gt;&lt;li class=\&quot;p1\&quot;&gt;&lt;span class=\&quot;s1\&quot;&gt;Curso Excelencia en Lentes de Contacto Blandos The Vision Care Institute Bogot\u00e1 2009&lt;\/span&gt;&lt;\/li&gt;&lt;li class=\&quot;p1\&quot;&gt;&lt;span class=\&quot;s1\&quot;&gt;VI Congreso Optometr\u00eda Fedopto Seccional Antioquia 2009&lt;\/span&gt;&lt;\/li&gt;&lt;\/ul&gt;&quot;,&quot;_id&quot;:&quot;d6ad7a9&quot;,&quot;content_type&quot;:&quot;tab-content&quot;,&quot;saved_section&quot;:null,&quot;tab_subtitle&quot;:&quot;&quot;,&quot;tab_icon&quot;:{&quot;value&quot;:&quot;&quot;,&quot;library&quot;:&quot;&quot;},&quot;tab_custom_id&quot;:&quot;&quot;}],&quot;tabs_type&quot;:&quot;vertical&quot;,&quot;default_tab&quot;:1,&quot;tabs_responsive&quot;:&quot;mobile&quot;,&quot;tabs_responsive_type&quot;:&quot;accordion&quot;,&quot;tabs_responsive_choose&quot;:&quot;accordion&quot;}" data-widget_type="cmsmasters-tabs.default">
				<div class="elementor-widget-container">
					<div class="cmsmasters-tabs" role="tablist"><div class="cmsmasters-tabs-list-wrapper">
			<ul class="cmsmasters-tabs-list"><li id="cmsmasters-tabs-list-item_1821" class="cmsmasters-tabs-list-item cmsmasters-animation" data-tab="1"><a href="" class="cmsmasters-tab-title">
							<div class="cmsmasters-tab-title__text-wrap-outer"><div class="cmsmasters-tab-title__text-wrap"><h6 class="cmsmasters-tab-title__text ">ESTUDIOS</h6></div></div></a></li></ul>
		</div><div class="cmsmasters-tabs-wrap"><div class="cmsmasters-accordion-item-wrap"><div id="cmsmasters-accordion-item-1821" class="cmsmasters-tabs-list-item cmsmasters-accordion-item cmsmasters-animation" data-tab="1"><a href="" class="cmsmasters-tab-title"><span class="cmsmasters-tab-icon cmsmasters-accordion-closed fas fa-plus icon-align-right"></span><span class="cmsmasters-tab-icon cmsmasters-accordion-opened fas fa-minus icon-align-right"></span><div class="cmsmasters-tab-title__text-wrap-outer"><div class="cmsmasters-tab-title__text-wrap"><div class="cmsmasters-tab-title__text ">ESTUDIOS</div></div></div></a></div><div id="cmsmasters-tab-content_1821" class="cmsmasters-tab" data-tab="1"><ul><li class="p1"><span class="s1">II Seminario de docentes y III nacional de estudiantes Facultad Optometría Universidad Santo Tomás 2002</span></li><li class="p1"><span class="s1">XVI Congreso Mundial de Optometría y óptica XVII Congreso Latinoamericano de Optometria y optica Cartagena 2004</span></li><li class="p1"><span class="s1">III Seminario nacional de docentes y IV nacional de estudiantes Facultad Optometría Universidad Santo Tomás 2005</span></li><li class="p1"><span class="s1">V Congreso Optometría Fedopto Seccional Antioquia 2007</span></li><li class="p1"><span class="s1">Jornada de Actualización en Oftalmología Modulo Ojo seco alergias y conjuntivitis Medellín 2008</span></li><li class="p1"><span class="s1">Curso Excelencia en Lentes de Contacto Blandos The Vision Care Institute Bogotá 2009</span></li><li class="p1"><span class="s1">VI Congreso Optometría Fedopto Seccional Antioquia 2009</span></li></ul></div></div></div></div>				</div>
				</div>
				</div>
					</div>
				</div>
				</div>

<p>Optometrist – Santo Tomás de Aquino University 2006 STUDIES II Seminar for teachers and III National Seminar for students Faculty of Optometry Santo Tomás University 2002 XVI World Congress of Optometry and Optics XVII Latin American Congress of Optometry and Optics Cartagena 2004 III National Seminar for teachers and IV National Seminar for students Faculty of Optometry Santo Tomás University…</p>
